{"id":1014,"date":"2018-03-14T11:22:48","date_gmt":"2018-03-14T10:22:48","guid":{"rendered":"http:\/\/www.villa-ritter.ch\/?page_id=1014"},"modified":"2024-02-02T15:18:48","modified_gmt":"2024-02-02T14:18:48","slug":"membre-de-lassociation","status":"publish","type":"page","link":"https:\/\/www.villa-ritter.ch\/?page_id=1014","title":{"rendered":"Devenir membre de l&rsquo;association !"},"content":{"rendered":"\t\t<div data-elementor-type=\"wp-page\" data-elementor-id=\"1014\" class=\"elementor elementor-1014\">\n\t\t\t\t\t\t<section class=\"elementor-section elementor-top-section elementor-element elementor-element-b5ebca2 elementor-section-boxed elementor-section-height-default elementor-section-height-default\" data-id=\"b5ebca2\" data-element_type=\"section\" data-e-type=\"section\">\n\t\t\t\t\t\t<div class=\"elementor-container elementor-column-gap-default\">\n\t\t\t\t\t<div class=\"elementor-column elementor-col-100 elementor-top-column elementor-element elementor-element-f459b24\" data-id=\"f459b24\" data-element_type=\"column\" data-e-type=\"column\">\n\t\t\t<div class=\"elementor-widget-wrap elementor-element-populated\">\n\t\t\t\t\t\t<div class=\"elementor-element elementor-element-2813228 elementor-widget elementor-widget-image\" data-id=\"2813228\" data-element_type=\"widget\" data-e-type=\"widget\" data-widget_type=\"image.default\">\n\t\t\t\t<div class=\"elementor-widget-container\">\n\t\t\t\t\t\t\t\t\t\t\t\t\t\t\t<img fetchpriority=\"high\" decoding=\"async\" width=\"1024\" height=\"476\" src=\"https:\/\/www.villa-ritter.ch\/wp-content\/uploads\/image2-scaled-e1647611904846-1024x476.jpg\" class=\"attachment-large size-large wp-image-1161\" alt=\"\" srcset=\"https:\/\/www.villa-ritter.ch\/wp-content\/uploads\/image2-scaled-e1647611904846-1024x476.jpg 1024w, https:\/\/www.villa-ritter.ch\/wp-content\/uploads\/image2-scaled-e1647611904846-600x279.jpg 600w, https:\/\/www.villa-ritter.ch\/wp-content\/uploads\/image2-scaled-e1647611904846-300x139.jpg 300w, https:\/\/www.villa-ritter.ch\/wp-content\/uploads\/image2-scaled-e1647611904846-768x357.jpg 768w, https:\/\/www.villa-ritter.ch\/wp-content\/uploads\/image2-scaled-e1647611904846-1536x714.jpg 1536w, https:\/\/www.villa-ritter.ch\/wp-content\/uploads\/image2-scaled-e1647611904846-2048x952.jpg 2048w\" sizes=\"(max-width: 1024px) 100vw, 1024px\" \/>\t\t\t\t\t\t\t\t\t\t\t\t\t\t\t<\/div>\n\t\t\t\t<\/div>\n\t\t\t\t\t<\/div>\n\t\t<\/div>\n\t\t\t\t\t<\/div>\n\t\t<\/section>\n\t\t\t\t<section class=\"elementor-section elementor-top-section elementor-element elementor-element-bec27d2 elementor-section-boxed elementor-section-height-default elementor-section-height-default\" data-id=\"bec27d2\" data-element_type=\"section\" data-e-type=\"section\">\n\t\t\t\t\t\t<div class=\"elementor-container elementor-column-gap-default\">\n\t\t\t\t\t<div class=\"elementor-column elementor-col-100 elementor-top-column elementor-element elementor-element-db35fbd\" data-id=\"db35fbd\" data-element_type=\"column\" data-e-type=\"column\">\n\t\t\t<div class=\"elementor-widget-wrap elementor-element-populated\">\n\t\t\t\t\t\t<div class=\"elementor-element elementor-element-062bfe4 elementor-widget elementor-widget-heading\" data-id=\"062bfe4\" data-element_type=\"widget\" data-e-type=\"widget\" data-widget_type=\"heading.default\">\n\t\t\t\t<div class=\"elementor-widget-container\">\n\t\t\t\t\t<h3 class=\"elementor-heading-title elementor-size-default\">DEVENEZ MEMBRE DE NOTRE ASSOC'<\/h3>\t\t\t\t<\/div>\n\t\t\t\t<\/div>\n\t\t\t\t\t<\/div>\n\t\t<\/div>\n\t\t\t\t\t<\/div>\n\t\t<\/section>\n\t\t\t\t<section class=\"elementor-section elementor-top-section elementor-element elementor-element-930f287 elementor-section-boxed elementor-section-height-default elementor-section-height-default\" data-id=\"930f287\" data-element_type=\"section\" data-e-type=\"section\">\n\t\t\t\t\t\t<div class=\"elementor-container elementor-column-gap-default\">\n\t\t\t\t\t<div class=\"elementor-column elementor-col-100 elementor-top-column elementor-element elementor-element-e23326c\" data-id=\"e23326c\" data-element_type=\"column\" data-e-type=\"column\">\n\t\t\t<div class=\"elementor-widget-wrap elementor-element-populated\">\n\t\t\t\t\t\t<div class=\"elementor-element elementor-element-f0e6226 elementor-widget elementor-widget-text-editor\" data-id=\"f0e6226\" data-element_type=\"widget\" data-e-type=\"widget\" data-widget_type=\"text-editor.default\">\n\t\t\t\t<div class=\"elementor-widget-container\">\n\t\t\t\t\t\t\t\t\t<p>VOUS VOUS ENGAGEZ ACTIVEMENT EN FAVEUR DE LA JEUNESSE DE BIENNE ET ENVIRONS CAR:<\/p>\n<ul>\n<li style=\"list-style-type: none;\">\n<ul>\n<li>Nous accueillons jusqu&rsquo;\u00e0 80 jeunes entre 13 et 18 ans par ouverture (60 % gar\u00e7ons 40% filles, 70% francophones 30% al\u00e9maniques, moyenne d\u2019\u00e2ge 15 ans) sans aucune distinction de genre, d\u2019origine ou de religion.<\/li>\n<li>Nous garantissons aux jeunes un acc\u00e8s gratuit \u00e0 nos locaux.<\/li>\n<li>Nous soutenons les jeunes dans leurs difficult\u00e9s, notamment dans la recherche d\u2019un emploi ou d\u2019une suite \u00e0 leur scolarit\u00e9 ou dans les difficult\u00e9s sp\u00e9cifiques \u00e0 l\u2019adolescence (estime de soi, sexualit\u00e9, addictions, etc.). Nous les amenons \u00e0 prendre des responsabilit\u00e9s, \u00e0 d\u00e9velopper leur citoyennet\u00e9 et nous favorisons leur autonomie.<\/li>\n<li>Nous organisons des \u00e9v\u00e9nements \u00e0 vis\u00e9es pr\u00e9ventives. Les derni\u00e8res r\u00e9alisations avaient pour th\u00e8me le harc\u00e8lement, la sexualit\u00e9 et la pr\u00e9vention des IST, le dialogue interreligieux et la tol\u00e9rance, par exemple.<\/li>\n<li>Nous organisons des camps et des sorties ponctuelles \u00e0 petits prix.<\/li>\n<li>Nous offrons la possibilit\u00e9 de suivre des cours de batterie \u00e0 petit prix.<\/li>\n<li>Nous collaborons activement avec les divers acteurs du r\u00e9seau biennois s\u2019occupant des adolescents.<\/li>\n<li>Nous favorisons l\u2019int\u00e9gration en faisant cohabiter des jeunes d\u2019origines vari\u00e9es et multiples et en accueillant des r\u00e9fugi\u00e9s mineurs.<\/li>\n<\/ul>\n<\/li>\n<\/ul>\n<p>L\u2019encadrement est assur\u00e9 par une \u00e9quipe professionnelle et compl\u00e9mentaire, form\u00e9e aux sp\u00e9cificit\u00e9s du travail d\u2019animation avec des adolescents.<\/p>\t\t\t\t\t\t\t\t<\/div>\n\t\t\t\t<\/div>\n\t\t\t\t<div class=\"elementor-element elementor-element-7a18a72 elementor-widget elementor-widget-heading\" data-id=\"7a18a72\" data-element_type=\"widget\" data-e-type=\"widget\" data-widget_type=\"heading.default\">\n\t\t\t\t<div class=\"elementor-widget-container\">\n\t\t\t\t\t<h5 class=\"elementor-heading-title elementor-size-default\">DEVENEZ MEMBRES DE L'ASSOCIATION VILLA RITTER<\/h5>\t\t\t\t<\/div>\n\t\t\t\t<\/div>\n\t\t\t\t<div class=\"elementor-element elementor-element-627a9d1 elementor-align-center elementor-widget elementor-widget-button\" data-id=\"627a9d1\" data-element_type=\"widget\" data-e-type=\"widget\" data-widget_type=\"button.default\">\n\t\t\t\t<div class=\"elementor-widget-container\">\n\t\t\t\t\t\t\t\t\t<div class=\"elementor-button-wrapper\">\n\t\t\t\t\t<a class=\"elementor-button elementor-button-link elementor-size-sm\" href=\"https:\/\/www.villa-ritter.ch\/wp-content\/uploads\/Plaquette-pub-nouveaux-membres-2023_compressed.pdf\" target=\"_blank\">\n\t\t\t\t\t\t<span class=\"elementor-button-content-wrapper\">\n\t\t\t\t\t\t<span class=\"elementor-button-icon\">\n\t\t\t\t<i aria-hidden=\"true\" class=\"far fa-file-pdf\"><\/i>\t\t\t<\/span>\n\t\t\t\t\t\t\t\t\t<span class=\"elementor-button-text\">Cliquez ici<\/span>\n\t\t\t\t\t<\/span>\n\t\t\t\t\t<\/a>\n\t\t\t\t<\/div>\n\t\t\t\t\t\t\t\t<\/div>\n\t\t\t\t<\/div>\n\t\t\t\t\t<\/div>\n\t\t<\/div>\n\t\t\t\t\t<\/div>\n\t\t<\/section>\n\t\t\t\t<section class=\"elementor-section elementor-top-section elementor-element elementor-element-a818c98 elementor-section-boxed elementor-section-height-default elementor-section-height-default\" data-id=\"a818c98\" data-element_type=\"section\" data-e-type=\"section\">\n\t\t\t\t\t\t<div class=\"elementor-container elementor-column-gap-default\">\n\t\t\t\t\t<div class=\"elementor-column elementor-col-100 elementor-top-column elementor-element elementor-element-37e5aa5\" data-id=\"37e5aa5\" data-element_type=\"column\" data-e-type=\"column\">\n\t\t\t<div class=\"elementor-widget-wrap elementor-element-populated\">\n\t\t\t\t\t\t<div class=\"elementor-element elementor-element-6144151 elementor-widget elementor-widget-text-editor\" data-id=\"6144151\" data-element_type=\"widget\" data-e-type=\"widget\" data-widget_type=\"text-editor.default\">\n\t\t\t\t<div class=\"elementor-widget-container\">\n\t\t\t\t\t\t\t\t\t<p><u>Cotisation annuelles<\/u>\u00a0:<\/p>\n<ul>\n<li>\u00c9tudiants et apprentis\u00a0 \u00a0 CHF 20.00 \/ ann\u00e9e<\/li>\n<li>Membres individuels\u00a0 \u00a0 \u00a0\u00a0\u00a0 CHF 30.00 \/ ann\u00e9e<\/li>\n<li>Couples\u00a0 \u00a0 \u00a0 \u00a0 \u00a0 \u00a0 \u00a0 \u00a0 \u00a0 \u00a0 \u00a0 \u00a0 \u00a0\u00a0\u00a0\u00a0 CHF 50.00 \/ ann\u00e9e<\/li>\n<\/ul>\n<p>Pour plus d&rsquo;infos, veuillez prendre <a href=\"https:\/\/www.villa-ritter.ch\/?page_id=68\">contact<\/a> avec nous.\u00a0Nous vous r\u00e9pondrons dans les plus brefs d\u00e9lais.<\/p>\n<p style=\"text-align: center;\"><strong>DE TOUT C\u0152UR MERCI !<\/strong><\/p>\t\t\t\t\t\t\t\t<\/div>\n\t\t\t\t<\/div>\n\t\t\t\t\t<\/div>\n\t\t<\/div>\n\t\t\t\t\t<\/div>\n\t\t<\/section>\n\t\t\t\t<\/div>\n\t\t","protected":false},"excerpt":{"rendered":"<p>DEVENEZ MEMBRE DE NOTRE ASSOC&rsquo; VOUS VOUS ENGAGEZ ACTIVEMENT EN FAVEUR DE LA JEUNESSE DE BIENNE ET ENVIRONS CAR: Nous accueillons jusqu&rsquo;\u00e0 80 jeunes entre 13 et 18 ans par ouverture (60 % gar\u00e7ons 40% filles, 70% francophones 30% al\u00e9maniques, moyenne d\u2019\u00e2ge 15 ans) sans aucune distinction de genre, d\u2019origine ou de religion. Nous garantissons [&hellip;]<\/p>\n","protected":false},"author":1,"featured_media":0,"parent":1008,"menu_order":2,"comment_status":"closed","ping_status":"closed","template":"","meta":{"site-sidebar-layout":"default","site-content-layout":"","ast-site-content-layout":"default","site-content-style":"default","site-sidebar-style":"default","ast-global-header-display":"","ast-banner-title-visibility":"","ast-main-header-display":"","ast-hfb-above-header-display":"","ast-hfb-below-header-display":"","ast-hfb-mobile-header-display":"","site-post-title":"","ast-breadcrumbs-content":"","ast-featured-img":"","footer-sml-layout":"","ast-disable-related-posts":"","theme-transparent-header-meta":"","adv-header-id-meta":"","stick-header-meta":"","header-above-stick-meta":"","header-main-stick-meta":"","header-below-stick-meta":"","astra-migrate-meta-layouts":"default","ast-page-background-enabled":"default","ast-page-background-meta":{"desktop":{"background-color":"","background-image":"","background-repeat":"repeat","background-position":"center center","background-size":"auto","background-attachment":"scroll","background-type":"","background-media":"","overlay-type":"","overlay-color":"","overlay-opacity":"","overlay-gradient":""},"tablet":{"background-color":"","background-image":"","background-repeat":"repeat","background-position":"center center","background-size":"auto","background-attachment":"scroll","background-type":"","background-media":"","overlay-type":"","overlay-color":"","overlay-opacity":"","overlay-gradient":""},"mobile":{"background-color":"","background-image":"","background-repeat":"repeat","background-position":"center center","background-size":"auto","background-attachment":"scroll","background-type":"","background-media":"","overlay-type":"","overlay-color":"","overlay-opacity":"","overlay-gradient":""}},"ast-content-background-meta":{"desktop":{"background-color":"var(--ast-global-color-5)","background-image":"","background-repeat":"repeat","background-position":"center center","background-size":"auto","background-attachment":"scroll","background-type":"","background-media":"","overlay-type":"","overlay-color":"","overlay-opacity":"","overlay-gradient":""},"tablet":{"background-color":"var(--ast-global-color-5)","background-image":"","background-repeat":"repeat","background-position":"center center","background-size":"auto","background-attachment":"scroll","background-type":"","background-media":"","overlay-type":"","overlay-color":"","overlay-opacity":"","overlay-gradient":""},"mobile":{"background-color":"var(--ast-global-color-5)","background-image":"","background-repeat":"repeat","background-position":"center center","background-size":"auto","background-attachment":"scroll","background-type":"","background-media":"","overlay-type":"","overlay-color":"","overlay-opacity":"","overlay-gradient":""}},"ngg_post_thumbnail":0,"footnotes":""},"class_list":["post-1014","page","type-page","status-publish","hentry"],"_links":{"self":[{"href":"https:\/\/www.villa-ritter.ch\/index.php?rest_route=\/wp\/v2\/pages\/1014","targetHints":{"allow":["GET"]}}],"collection":[{"href":"https:\/\/www.villa-ritter.ch\/index.php?rest_route=\/wp\/v2\/pages"}],"about":[{"href":"https:\/\/www.villa-ritter.ch\/index.php?rest_route=\/wp\/v2\/types\/page"}],"author":[{"embeddable":true,"href":"https:\/\/www.villa-ritter.ch\/index.php?rest_route=\/wp\/v2\/users\/1"}],"replies":[{"embeddable":true,"href":"https:\/\/www.villa-ritter.ch\/index.php?rest_route=%2Fwp%2Fv2%2Fcomments&post=1014"}],"version-history":[{"count":24,"href":"https:\/\/www.villa-ritter.ch\/index.php?rest_route=\/wp\/v2\/pages\/1014\/revisions"}],"predecessor-version":[{"id":4233,"href":"https:\/\/www.villa-ritter.ch\/index.php?rest_route=\/wp\/v2\/pages\/1014\/revisions\/4233"}],"up":[{"embeddable":true,"href":"https:\/\/www.villa-ritter.ch\/index.php?rest_route=\/wp\/v2\/pages\/1008"}],"wp:attachment":[{"href":"https:\/\/www.villa-ritter.ch\/index.php?rest_route=%2Fwp%2Fv2%2Fmedia&parent=1014"}],"curies":[{"name":"wp","href":"https:\/\/api.w.org\/{rel}","templated":true}]}}

<div data-elementor-type="wp-page" data-elementor-id="1014" class="elementor elementor-1014">
						<section class="elementor-section elementor-top-section elementor-element elementor-element-b5ebca2 elementor-section-boxed elementor-section-height-default elementor-section-height-default" data-id="b5ebca2" data-element_type="section" data-e-type="section">
						<div class="elementor-container elementor-column-gap-default">
					<div class="elementor-column elementor-col-100 elementor-top-column elementor-element elementor-element-f459b24" data-id="f459b24" data-element_type="column" data-e-type="column">
			<div class="elementor-widget-wrap elementor-element-populated">
						<div class="elementor-element elementor-element-2813228 elementor-widget elementor-widget-image" data-id="2813228" data-element_type="widget" data-e-type="widget" data-widget_type="image.default">
				<div class="elementor-widget-container">
															<img fetchpriority="high" decoding="async" width="1024" height="476" src="https://www.villa-ritter.ch/wp-content/uploads/image2-scaled-e1647611904846-1024x476.jpg" class="attachment-large size-large wp-image-1161" alt="" srcset="https://www.villa-ritter.ch/wp-content/uploads/image2-scaled-e1647611904846-1024x476.jpg 1024w, https://www.villa-ritter.ch/wp-content/uploads/image2-scaled-e1647611904846-600x279.jpg 600w, https://www.villa-ritter.ch/wp-content/uploads/image2-scaled-e1647611904846-300x139.jpg 300w, https://www.villa-ritter.ch/wp-content/uploads/image2-scaled-e1647611904846-768x357.jpg 768w, https://www.villa-ritter.ch/wp-content/uploads/image2-scaled-e1647611904846-1536x714.jpg 1536w, https://www.villa-ritter.ch/wp-content/uploads/image2-scaled-e1647611904846-2048x952.jpg 2048w" sizes="(max-width: 1024px) 100vw, 1024px" />															</div>
				</div>
					</div>
		</div>
					</div>
		</section>
				<section class="elementor-section elementor-top-section elementor-element elementor-element-bec27d2 elementor-section-boxed elementor-section-height-default elementor-section-height-default" data-id="bec27d2" data-element_type="section" data-e-type="section">
						<div class="elementor-container elementor-column-gap-default">
					<div class="elementor-column elementor-col-100 elementor-top-column elementor-element elementor-element-db35fbd" data-id="db35fbd" data-element_type="column" data-e-type="column">
			<div class="elementor-widget-wrap elementor-element-populated">
						<div class="elementor-element elementor-element-062bfe4 elementor-widget elementor-widget-heading" data-id="062bfe4" data-element_type="widget" data-e-type="widget" data-widget_type="heading.default">
				<div class="elementor-widget-container">
					<h3 class="elementor-heading-title elementor-size-default">DEVENEZ MEMBRE DE NOTRE ASSOC'</h3>				</div>
				</div>
					</div>
		</div>
					</div>
		</section>
				<section class="elementor-section elementor-top-section elementor-element elementor-element-930f287 elementor-section-boxed elementor-section-height-default elementor-section-height-default" data-id="930f287" data-element_type="section" data-e-type="section">
						<div class="elementor-container elementor-column-gap-default">
					<div class="elementor-column elementor-col-100 elementor-top-column elementor-element elementor-element-e23326c" data-id="e23326c" data-element_type="column" data-e-type="column">
			<div class="elementor-widget-wrap elementor-element-populated">
						<div class="elementor-element elementor-element-f0e6226 elementor-widget elementor-widget-text-editor" data-id="f0e6226" data-element_type="widget" data-e-type="widget" data-widget_type="text-editor.default">
				<div class="elementor-widget-container">
									<p>VOUS VOUS ENGAGEZ ACTIVEMENT EN FAVEUR DE LA JEUNESSE DE BIENNE ET ENVIRONS CAR:</p>
<ul>
<li style="list-style-type: none;">
<ul>
<li>Nous accueillons jusqu&rsquo;à 80 jeunes entre 13 et 18 ans par ouverture (60 % garçons 40% filles, 70% francophones 30% alémaniques, moyenne d’âge 15 ans) sans aucune distinction de genre, d’origine ou de religion.</li>
<li>Nous garantissons aux jeunes un accès gratuit à nos locaux.</li>
<li>Nous soutenons les jeunes dans leurs difficultés, notamment dans la recherche d’un emploi ou d’une suite à leur scolarité ou dans les difficultés spécifiques à l’adolescence (estime de soi, sexualité, addictions, etc.). Nous les amenons à prendre des responsabilités, à développer leur citoyenneté et nous favorisons leur autonomie.</li>
<li>Nous organisons des événements à visées préventives. Les dernières réalisations avaient pour thème le harcèlement, la sexualité et la prévention des IST, le dialogue interreligieux et la tolérance, par exemple.</li>
<li>Nous organisons des camps et des sorties ponctuelles à petits prix.</li>
<li>Nous offrons la possibilité de suivre des cours de batterie à petit prix.</li>
<li>Nous collaborons activement avec les divers acteurs du réseau biennois s’occupant des adolescents.</li>
<li>Nous favorisons l’intégration en faisant cohabiter des jeunes d’origines variées et multiples et en accueillant des réfugiés mineurs.</li>
</ul>
</li>
</ul>
<p>L’encadrement est assuré par une équipe professionnelle et complémentaire, formée aux spécificités du travail d’animation avec des adolescents.</p>								</div>
				</div>
				<div class="elementor-element elementor-element-7a18a72 elementor-widget elementor-widget-heading" data-id="7a18a72" data-element_type="widget" data-e-type="widget" data-widget_type="heading.default">
				<div class="elementor-widget-container">
					<h5 class="elementor-heading-title elementor-size-default">DEVENEZ MEMBRES DE L'ASSOCIATION VILLA RITTER</h5>				</div>
				</div>
				<div class="elementor-element elementor-element-627a9d1 elementor-align-center elementor-widget elementor-widget-button" data-id="627a9d1" data-element_type="widget" data-e-type="widget" data-widget_type="button.default">
				<div class="elementor-widget-container">
									<div class="elementor-button-wrapper">
					<a class="elementor-button elementor-button-link elementor-size-sm" href="https://www.villa-ritter.ch/wp-content/uploads/Plaquette-pub-nouveaux-membres-2023_compressed.pdf" target="_blank">
						<span class="elementor-button-content-wrapper">
						<span class="elementor-button-icon">
				<i aria-hidden="true" class="far fa-file-pdf"></i>			</span>
									<span class="elementor-button-text">Cliquez ici</span>
					</span>
					</a>
				</div>
								</div>
				</div>
					</div>
		</div>
					</div>
		</section>
				<section class="elementor-section elementor-top-section elementor-element elementor-element-a818c98 elementor-section-boxed elementor-section-height-default elementor-section-height-default" data-id="a818c98" data-element_type="section" data-e-type="section">
						<div class="elementor-container elementor-column-gap-default">
					<div class="elementor-column elementor-col-100 elementor-top-column elementor-element elementor-element-37e5aa5" data-id="37e5aa5" data-element_type="column" data-e-type="column">
			<div class="elementor-widget-wrap elementor-element-populated">
						<div class="elementor-element elementor-element-6144151 elementor-widget elementor-widget-text-editor" data-id="6144151" data-element_type="widget" data-e-type="widget" data-widget_type="text-editor.default">
				<div class="elementor-widget-container">
									<p><u>Cotisation annuelles</u> :</p>
<ul>
<li>Étudiants et apprentis    CHF 20.00 / année</li>
<li>Membres individuels        CHF 30.00 / année</li>
<li>Couples                             CHF 50.00 / année</li>
</ul>
<p>Pour plus d&rsquo;infos, veuillez prendre <a href="https://www.villa-ritter.ch/?page_id=68">contact</a> avec nous. Nous vous répondrons dans les plus brefs délais.</p>
<p style="text-align: center;"><strong>DE TOUT CŒUR MERCI !</strong></p>								</div>
				</div>
					</div>
		</div>
					</div>
		</section>
				</div>

<p>DEVENEZ MEMBRE DE NOTRE ASSOC&rsquo; VOUS VOUS ENGAGEZ ACTIVEMENT EN FAVEUR DE LA JEUNESSE DE BIENNE ET ENVIRONS CAR: Nous accueillons jusqu&rsquo;à 80 jeunes entre 13 et 18 ans par ouverture (60 % garçons 40% filles, 70% francophones 30% alémaniques, moyenne d’âge 15 ans) sans aucune distinction de genre, d’origine ou de religion. Nous garantissons [&hellip;]</p>
