{"id":1116,"date":"2018-09-26T13:48:53","date_gmt":"2018-09-26T12:48:53","guid":{"rendered":"http:\/\/www.villa-ritter.ch\/?page_id=1116"},"modified":"2022-03-22T15:01:35","modified_gmt":"2022-03-22T14:01:35","slug":"1116-2","status":"publish","type":"page","link":"https:\/\/www.villa-ritter.ch\/?page_id=1116","title":{"rendered":"Locations pour s\u00e9minaire"},"content":{"rendered":"\t\t<div data-elementor-type=\"wp-page\" data-elementor-id=\"1116\" class=\"elementor elementor-1116\">\n\t\t\t\t\t\t<section class=\"elementor-section elementor-top-section elementor-element elementor-element-383e0c49 elementor-section-boxed elementor-section-height-default elementor-section-height-default\" data-id=\"383e0c49\" data-element_type=\"section\" data-e-type=\"section\">\n\t\t\t\t\t\t<div class=\"elementor-container elementor-column-gap-default\">\n\t\t\t\t\t<div class=\"elementor-column elementor-col-100 elementor-top-column elementor-element elementor-element-79b575d2\" data-id=\"79b575d2\" data-element_type=\"column\" data-e-type=\"column\">\n\t\t\t<div class=\"elementor-widget-wrap elementor-element-populated\">\n\t\t\t\t\t\t<div class=\"elementor-element elementor-element-69eb03fd elementor-widget elementor-widget-text-editor\" data-id=\"69eb03fd\" data-element_type=\"widget\" data-e-type=\"widget\" data-widget_type=\"text-editor.default\">\n\t\t\t\t<div class=\"elementor-widget-container\">\n\t\t\t\t\t\t\t\t\t<p>Au rez-de-chauss\u00e9e, notre grande salle est id\u00e9ale pour les s\u00e9minaires, journ\u00e9es de formation ou autres \u00e9v\u00e9nements professionnels. La salle est \u00e9quip\u00e9e d&rsquo;une sonorisation, d\u2019un beamer et dispose d\u2019une connexion Wifi. Un grand jardin peut \u00e9galement \u00eatre utilis\u00e9.<\/p><p>Sur demande, nous organisons une collation (caf\u00e9s, th\u00e9s, min\u00e9rales,\u00a0 jus d&rsquo;orange, croissants et fruits).<\/p><p>Nous vous conseillons volontiers par t\u00e9l\u00e9phone ou par courriel.<\/p><p>Tarifs<\/p><ul><li>demi-journ\u00e9e\u00a0 200.-<\/li><li>journ\u00e9e compl\u00e8te \u00a0 300.-<\/li><li><p>jour suppl\u00e9mentaire\u00a0 200.-<\/p><\/li><\/ul>\t\t\t\t\t\t\t\t<\/div>\n\t\t\t\t<\/div>\n\t\t\t\t\t<\/div>\n\t\t<\/div>\n\t\t\t\t\t<\/div>\n\t\t<\/section>\n\t\t\t\t<section class=\"elementor-section elementor-top-section elementor-element elementor-element-3eb2417 elementor-section-boxed elementor-section-height-default elementor-section-height-default\" data-id=\"3eb2417\" data-element_type=\"section\" data-e-type=\"section\">\n\t\t\t\t\t\t<div class=\"elementor-container elementor-column-gap-default\">\n\t\t\t\t\t<div class=\"elementor-column elementor-col-100 elementor-top-column elementor-element elementor-element-a05b17b\" data-id=\"a05b17b\" data-element_type=\"column\" data-e-type=\"column\">\n\t\t\t<div class=\"elementor-widget-wrap elementor-element-populated\">\n\t\t\t\t\t\t<div class=\"elementor-element elementor-element-d453c93 elementor-widget elementor-widget-image-gallery\" data-id=\"d453c93\" data-element_type=\"widget\" data-e-type=\"widget\" data-widget_type=\"image-gallery.default\">\n\t\t\t\t<div class=\"elementor-widget-container\">\n\t\t\t\t\t\t\t<div class=\"elementor-image-gallery\">\n\t\t\t<div id='gallery-1' class='gallery galleryid-1116 gallery-columns-3 gallery-size-shop_catalog'><figure class='gallery-item'>\n\t\t\t<div class='gallery-icon landscape'>\n\t\t\t\t<a data-elementor-open-lightbox=\"yes\" data-elementor-lightbox-slideshow=\"d453c93\" data-elementor-lightbox-title=\"IMG-20190703-WA0005\" data-e-action-hash=\"#elementor-action%3Aaction%3Dlightbox%26settings%3DeyJpZCI6MTMyNSwidXJsIjoiaHR0cHM6XC9cL3d3dy52aWxsYS1yaXR0ZXIuY2hcL3dwLWNvbnRlbnRcL3VwbG9hZHNcL0lNRy0yMDE5MDcwMy1XQTAwMDUuanBnIiwic2xpZGVzaG93IjoiZDQ1M2M5MyJ9\" href='https:\/\/www.villa-ritter.ch\/wp-content\/uploads\/IMG-20190703-WA0005.jpg'><img fetchpriority=\"high\" decoding=\"async\" width=\"300\" height=\"300\" src=\"https:\/\/www.villa-ritter.ch\/wp-content\/uploads\/IMG-20190703-WA0005-300x300.jpg\" class=\"attachment-shop_catalog size-shop_catalog\" alt=\"\" srcset=\"https:\/\/www.villa-ritter.ch\/wp-content\/uploads\/IMG-20190703-WA0005-300x300.jpg 300w, https:\/\/www.villa-ritter.ch\/wp-content\/uploads\/IMG-20190703-WA0005-100x100.jpg 100w, https:\/\/www.villa-ritter.ch\/wp-content\/uploads\/IMG-20190703-WA0005-150x150.jpg 150w\" sizes=\"(max-width: 300px) 100vw, 300px\" \/><\/a>\n\t\t\t<\/div><\/figure><figure class='gallery-item'>\n\t\t\t<div class='gallery-icon landscape'>\n\t\t\t\t<a data-elementor-open-lightbox=\"yes\" data-elementor-lightbox-slideshow=\"d453c93\" data-elementor-lightbox-title=\"image1\" data-e-action-hash=\"#elementor-action%3Aaction%3Dlightbox%26settings%3DeyJpZCI6MTE2MCwidXJsIjoiaHR0cHM6XC9cL3d3dy52aWxsYS1yaXR0ZXIuY2hcL3dwLWNvbnRlbnRcL3VwbG9hZHNcL2ltYWdlMS1zY2FsZWQuanBnIiwic2xpZGVzaG93IjoiZDQ1M2M5MyJ9\" href='https:\/\/www.villa-ritter.ch\/wp-content\/uploads\/image1-scaled.jpg'><img decoding=\"async\" width=\"300\" height=\"300\" src=\"https:\/\/www.villa-ritter.ch\/wp-content\/uploads\/image1-scaled-300x300.jpg\" class=\"attachment-shop_catalog size-shop_catalog\" alt=\"\" srcset=\"https:\/\/www.villa-ritter.ch\/wp-content\/uploads\/image1-scaled-300x300.jpg 300w, https:\/\/www.villa-ritter.ch\/wp-content\/uploads\/image1-100x100.jpg 100w, https:\/\/www.villa-ritter.ch\/wp-content\/uploads\/image1-150x150.jpg 150w\" sizes=\"(max-width: 300px) 100vw, 300px\" \/><\/a>\n\t\t\t<\/div><\/figure><figure class='gallery-item'>\n\t\t\t<div class='gallery-icon landscape'>\n\t\t\t\t<a data-elementor-open-lightbox=\"yes\" data-elementor-lightbox-slideshow=\"d453c93\" data-elementor-lightbox-title=\"IMG-20190703-WA0009\" data-e-action-hash=\"#elementor-action%3Aaction%3Dlightbox%26settings%3DeyJpZCI6MTMyNywidXJsIjoiaHR0cHM6XC9cL3d3dy52aWxsYS1yaXR0ZXIuY2hcL3dwLWNvbnRlbnRcL3VwbG9hZHNcL0lNRy0yMDE5MDcwMy1XQTAwMDkuanBnIiwic2xpZGVzaG93IjoiZDQ1M2M5MyJ9\" href='https:\/\/www.villa-ritter.ch\/wp-content\/uploads\/IMG-20190703-WA0009.jpg'><img decoding=\"async\" width=\"300\" height=\"300\" src=\"https:\/\/www.villa-ritter.ch\/wp-content\/uploads\/IMG-20190703-WA0009-300x300.jpg\" class=\"attachment-shop_catalog size-shop_catalog\" alt=\"\" srcset=\"https:\/\/www.villa-ritter.ch\/wp-content\/uploads\/IMG-20190703-WA0009-300x300.jpg 300w, https:\/\/www.villa-ritter.ch\/wp-content\/uploads\/IMG-20190703-WA0009-100x100.jpg 100w, https:\/\/www.villa-ritter.ch\/wp-content\/uploads\/IMG-20190703-WA0009-150x150.jpg 150w\" sizes=\"(max-width: 300px) 100vw, 300px\" \/><\/a>\n\t\t\t<\/div><\/figure>\n\t\t<\/div>\n\t\t<\/div>\n\t\t\t\t\t\t<\/div>\n\t\t\t\t<\/div>\n\t\t\t\t\t<\/div>\n\t\t<\/div>\n\t\t\t\t\t<\/div>\n\t\t<\/section>\n\t\t\t\t<\/div>\n\t\t","protected":false},"excerpt":{"rendered":"<p>Au rez-de-chauss\u00e9e, notre grande salle est id\u00e9ale pour les s\u00e9minaires, journ\u00e9es de formation ou autres \u00e9v\u00e9nements professionnels. La salle est \u00e9quip\u00e9e d&rsquo;une sonorisation, d\u2019un beamer et dispose d\u2019une connexion Wifi. Un grand jardin peut \u00e9galement \u00eatre utilis\u00e9. Sur demande, nous organisons une collation (caf\u00e9s, th\u00e9s, min\u00e9rales,\u00a0 jus d&rsquo;orange, croissants et fruits). Nous vous conseillons volontiers [&hellip;]<\/p>\n","protected":false},"author":1,"featured_media":0,"parent":1121,"menu_order":0,"comment_status":"closed","ping_status":"closed","template":"","meta":{"site-sidebar-layout":"default","site-content-layout":"","ast-site-content-layout":"default","site-content-style":"default","site-sidebar-style":"default","ast-global-header-display":"","ast-banner-title-visibility":"","ast-main-header-display":"","ast-hfb-above-header-display":"","ast-hfb-below-header-display":"","ast-hfb-mobile-header-display":"","site-post-title":"","ast-breadcrumbs-content":"","ast-featured-img":"","footer-sml-layout":"","ast-disable-related-posts":"","theme-transparent-header-meta":"","adv-header-id-meta":"","stick-header-meta":"","header-above-stick-meta":"","header-main-stick-meta":"","header-below-stick-meta":"","astra-migrate-meta-layouts":"default","ast-page-background-enabled":"default","ast-page-background-meta":{"desktop":{"background-color":"","background-image":"","background-repeat":"repeat","background-position":"center center","background-size":"auto","background-attachment":"scroll","background-type":"","background-media":"","overlay-type":"","overlay-color":"","overlay-opacity":"","overlay-gradient":""},"tablet":{"background-color":"","background-image":"","background-repeat":"repeat","background-position":"center center","background-size":"auto","background-attachment":"scroll","background-type":"","background-media":"","overlay-type":"","overlay-color":"","overlay-opacity":"","overlay-gradient":""},"mobile":{"background-color":"","background-image":"","background-repeat":"repeat","background-position":"center center","background-size":"auto","background-attachment":"scroll","background-type":"","background-media":"","overlay-type":"","overlay-color":"","overlay-opacity":"","overlay-gradient":""}},"ast-content-background-meta":{"desktop":{"background-color":"var(--ast-global-color-5)","background-image":"","background-repeat":"repeat","background-position":"center center","background-size":"auto","background-attachment":"scroll","background-type":"","background-media":"","overlay-type":"","overlay-color":"","overlay-opacity":"","overlay-gradient":""},"tablet":{"background-color":"var(--ast-global-color-5)","background-image":"","background-repeat":"repeat","background-position":"center center","background-size":"auto","background-attachment":"scroll","background-type":"","background-media":"","overlay-type":"","overlay-color":"","overlay-opacity":"","overlay-gradient":""},"mobile":{"background-color":"var(--ast-global-color-5)","background-image":"","background-repeat":"repeat","background-position":"center center","background-size":"auto","background-attachment":"scroll","background-type":"","background-media":"","overlay-type":"","overlay-color":"","overlay-opacity":"","overlay-gradient":""}},"ngg_post_thumbnail":0,"footnotes":""},"class_list":["post-1116","page","type-page","status-publish","hentry"],"_links":{"self":[{"href":"https:\/\/www.villa-ritter.ch\/index.php?rest_route=\/wp\/v2\/pages\/1116","targetHints":{"allow":["GET"]}}],"collection":[{"href":"https:\/\/www.villa-ritter.ch\/index.php?rest_route=\/wp\/v2\/pages"}],"about":[{"href":"https:\/\/www.villa-ritter.ch\/index.php?rest_route=\/wp\/v2\/types\/page"}],"author":[{"embeddable":true,"href":"https:\/\/www.villa-ritter.ch\/index.php?rest_route=\/wp\/v2\/users\/1"}],"replies":[{"embeddable":true,"href":"https:\/\/www.villa-ritter.ch\/index.php?rest_route=%2Fwp%2Fv2%2Fcomments&post=1116"}],"version-history":[{"count":29,"href":"https:\/\/www.villa-ritter.ch\/index.php?rest_route=\/wp\/v2\/pages\/1116\/revisions"}],"predecessor-version":[{"id":3423,"href":"https:\/\/www.villa-ritter.ch\/index.php?rest_route=\/wp\/v2\/pages\/1116\/revisions\/3423"}],"up":[{"embeddable":true,"href":"https:\/\/www.villa-ritter.ch\/index.php?rest_route=\/wp\/v2\/pages\/1121"}],"wp:attachment":[{"href":"https:\/\/www.villa-ritter.ch\/index.php?rest_route=%2Fwp%2Fv2%2Fmedia&parent=1116"}],"curies":[{"name":"wp","href":"https:\/\/api.w.org\/{rel}","templated":true}]}}

Locations pour séminaire

<div data-elementor-type="wp-page" data-elementor-id="1116" class="elementor elementor-1116">
						<section class="elementor-section elementor-top-section elementor-element elementor-element-383e0c49 elementor-section-boxed elementor-section-height-default elementor-section-height-default" data-id="383e0c49" data-element_type="section" data-e-type="section">
						<div class="elementor-container elementor-column-gap-default">
					<div class="elementor-column elementor-col-100 elementor-top-column elementor-element elementor-element-79b575d2" data-id="79b575d2" data-element_type="column" data-e-type="column">
			<div class="elementor-widget-wrap elementor-element-populated">
						<div class="elementor-element elementor-element-69eb03fd elementor-widget elementor-widget-text-editor" data-id="69eb03fd" data-element_type="widget" data-e-type="widget" data-widget_type="text-editor.default">
				<div class="elementor-widget-container">
									<p>Au rez-de-chaussée, notre grande salle est idéale pour les séminaires, journées de formation ou autres événements professionnels. La salle est équipée d&rsquo;une sonorisation, d’un beamer et dispose d’une connexion Wifi. Un grand jardin peut également être utilisé.</p><p>Sur demande, nous organisons une collation (cafés, thés, minérales,  jus d&rsquo;orange, croissants et fruits).</p><p>Nous vous conseillons volontiers par téléphone ou par courriel.</p><p>Tarifs</p><ul><li>demi-journée  200.-</li><li>journée complète   300.-</li><li><p>jour supplémentaire  200.-</p></li></ul>								</div>
				</div>
					</div>
		</div>
					</div>
		</section>
				<section class="elementor-section elementor-top-section elementor-element elementor-element-3eb2417 elementor-section-boxed elementor-section-height-default elementor-section-height-default" data-id="3eb2417" data-element_type="section" data-e-type="section">
						<div class="elementor-container elementor-column-gap-default">
					<div class="elementor-column elementor-col-100 elementor-top-column elementor-element elementor-element-a05b17b" data-id="a05b17b" data-element_type="column" data-e-type="column">
			<div class="elementor-widget-wrap elementor-element-populated">
						<div class="elementor-element elementor-element-d453c93 elementor-widget elementor-widget-image-gallery" data-id="d453c93" data-element_type="widget" data-e-type="widget" data-widget_type="image-gallery.default">
				<div class="elementor-widget-container">
							<div class="elementor-image-gallery">
			<div id='gallery-1' class='gallery galleryid-1116 gallery-columns-3 gallery-size-shop_catalog'><figure class='gallery-item'>
			<div class='gallery-icon landscape'>
				<a data-elementor-open-lightbox="yes" data-elementor-lightbox-slideshow="d453c93" data-elementor-lightbox-title="IMG-20190703-WA0005" data-e-action-hash="#elementor-action%3Aaction%3Dlightbox%26settings%3DeyJpZCI6MTMyNSwidXJsIjoiaHR0cHM6XC9cL3d3dy52aWxsYS1yaXR0ZXIuY2hcL3dwLWNvbnRlbnRcL3VwbG9hZHNcL0lNRy0yMDE5MDcwMy1XQTAwMDUuanBnIiwic2xpZGVzaG93IjoiZDQ1M2M5MyJ9" href='https://www.villa-ritter.ch/wp-content/uploads/IMG-20190703-WA0005.jpg'><img fetchpriority="high" decoding="async" width="300" height="300" src="https://www.villa-ritter.ch/wp-content/uploads/IMG-20190703-WA0005-300x300.jpg" class="attachment-shop_catalog size-shop_catalog" alt="" srcset="https://www.villa-ritter.ch/wp-content/uploads/IMG-20190703-WA0005-300x300.jpg 300w, https://www.villa-ritter.ch/wp-content/uploads/IMG-20190703-WA0005-100x100.jpg 100w, https://www.villa-ritter.ch/wp-content/uploads/IMG-20190703-WA0005-150x150.jpg 150w" sizes="(max-width: 300px) 100vw, 300px" /></a>
			</div></figure><figure class='gallery-item'>
			<div class='gallery-icon landscape'>
				<a data-elementor-open-lightbox="yes" data-elementor-lightbox-slideshow="d453c93" data-elementor-lightbox-title="image1" data-e-action-hash="#elementor-action%3Aaction%3Dlightbox%26settings%3DeyJpZCI6MTE2MCwidXJsIjoiaHR0cHM6XC9cL3d3dy52aWxsYS1yaXR0ZXIuY2hcL3dwLWNvbnRlbnRcL3VwbG9hZHNcL2ltYWdlMS1zY2FsZWQuanBnIiwic2xpZGVzaG93IjoiZDQ1M2M5MyJ9" href='https://www.villa-ritter.ch/wp-content/uploads/image1-scaled.jpg'><img decoding="async" width="300" height="300" src="https://www.villa-ritter.ch/wp-content/uploads/image1-scaled-300x300.jpg" class="attachment-shop_catalog size-shop_catalog" alt="" srcset="https://www.villa-ritter.ch/wp-content/uploads/image1-scaled-300x300.jpg 300w, https://www.villa-ritter.ch/wp-content/uploads/image1-100x100.jpg 100w, https://www.villa-ritter.ch/wp-content/uploads/image1-150x150.jpg 150w" sizes="(max-width: 300px) 100vw, 300px" /></a>
			</div></figure><figure class='gallery-item'>
			<div class='gallery-icon landscape'>
				<a data-elementor-open-lightbox="yes" data-elementor-lightbox-slideshow="d453c93" data-elementor-lightbox-title="IMG-20190703-WA0009" data-e-action-hash="#elementor-action%3Aaction%3Dlightbox%26settings%3DeyJpZCI6MTMyNywidXJsIjoiaHR0cHM6XC9cL3d3dy52aWxsYS1yaXR0ZXIuY2hcL3dwLWNvbnRlbnRcL3VwbG9hZHNcL0lNRy0yMDE5MDcwMy1XQTAwMDkuanBnIiwic2xpZGVzaG93IjoiZDQ1M2M5MyJ9" href='https://www.villa-ritter.ch/wp-content/uploads/IMG-20190703-WA0009.jpg'><img decoding="async" width="300" height="300" src="https://www.villa-ritter.ch/wp-content/uploads/IMG-20190703-WA0009-300x300.jpg" class="attachment-shop_catalog size-shop_catalog" alt="" srcset="https://www.villa-ritter.ch/wp-content/uploads/IMG-20190703-WA0009-300x300.jpg 300w, https://www.villa-ritter.ch/wp-content/uploads/IMG-20190703-WA0009-100x100.jpg 100w, https://www.villa-ritter.ch/wp-content/uploads/IMG-20190703-WA0009-150x150.jpg 150w" sizes="(max-width: 300px) 100vw, 300px" /></a>
			</div></figure>
		</div>
		</div>
						</div>
				</div>
					</div>
		</div>
					</div>
		</section>
				</div>

<p>Au rez-de-chaussée, notre grande salle est idéale pour les séminaires, journées de formation ou autres événements professionnels. La salle est équipée d&rsquo;une sonorisation, d’un beamer et dispose d’une connexion Wifi. Un grand jardin peut également être utilisé. Sur demande, nous organisons une collation (cafés, thés, minérales,  jus d&rsquo;orange, croissants et fruits). Nous vous conseillons volontiers [&hellip;]</p>
