{"id":1141,"date":"2018-09-28T14:32:13","date_gmt":"2018-09-28T13:32:13","guid":{"rendered":"http:\/\/www.villa-ritter.ch\/?page_id=1141"},"modified":"2023-09-12T15:01:02","modified_gmt":"2023-09-12T14:01:02","slug":"private-partyverleih","status":"publish","type":"page","link":"https:\/\/www.villa-ritter.ch\/?page_id=1141","title":{"rendered":"Private Partyverleih"},"content":{"rendered":"\t\t<div data-elementor-type=\"wp-page\" data-elementor-id=\"1141\" class=\"elementor elementor-1141\">\n\t\t\t\t\t\t<section class=\"elementor-section elementor-top-section elementor-element elementor-element-10613697 elementor-section-boxed elementor-section-height-default elementor-section-height-default\" data-id=\"10613697\" data-element_type=\"section\" data-e-type=\"section\">\n\t\t\t\t\t\t<div class=\"elementor-container elementor-column-gap-default\">\n\t\t\t\t\t<div class=\"elementor-column elementor-col-100 elementor-top-column elementor-element elementor-element-3513fcaf\" data-id=\"3513fcaf\" data-element_type=\"column\" data-e-type=\"column\">\n\t\t\t<div class=\"elementor-widget-wrap elementor-element-populated\">\n\t\t\t\t\t\t<div class=\"elementor-element elementor-element-c40fcae elementor-widget elementor-widget-text-editor\" data-id=\"c40fcae\" data-element_type=\"widget\" data-e-type=\"widget\" data-widget_type=\"text-editor.default\">\n\t\t\t\t<div class=\"elementor-widget-container\">\n\t\t\t\t\t\t\t\t\t<p>Mit einer Kapazit\u00e4t von 80 Personen eignet sich der gro\u00dfe Saal perfekt f\u00fcr die Organisation von Festen oder Empf\u00e4ngen.<\/p><p>Eine Tonanlage, ein professionelles Beleuchtungssystem sowie eine WLAN-Abdeckung stehen zur Verf\u00fcgung, ebenso wie eine semiprofessionelle K\u00fcche, die die Organisation von Mahlzeiten f\u00fcr eine gro\u00dfe Anzahl von G\u00e4sten erm\u00f6glicht.<\/p><p>Ein Garten mit einer Feuerstelle zum Grillen steht ebenfalls zur Verf\u00fcgung. Einige Fahrzeuge k\u00f6nnen hinter dem Haus geparkt werden.<\/p>\t\t\t\t\t\t\t\t<\/div>\n\t\t\t\t<\/div>\n\t\t\t\t\t<\/div>\n\t\t<\/div>\n\t\t\t\t\t<\/div>\n\t\t<\/section>\n\t\t\t\t<section class=\"elementor-section elementor-top-section elementor-element elementor-element-1bd90db7 elementor-section-boxed elementor-section-height-default elementor-section-height-default\" data-id=\"1bd90db7\" data-element_type=\"section\" data-e-type=\"section\">\n\t\t\t\t\t\t<div class=\"elementor-container elementor-column-gap-default\">\n\t\t\t\t\t<div class=\"elementor-column elementor-col-25 elementor-top-column elementor-element elementor-element-59346ea1\" data-id=\"59346ea1\" data-element_type=\"column\" data-e-type=\"column\">\n\t\t\t<div class=\"elementor-widget-wrap elementor-element-populated\">\n\t\t\t\t\t\t<div class=\"elementor-element elementor-element-764e3a53 elementor-widget elementor-widget-heading\" data-id=\"764e3a53\" data-element_type=\"widget\" data-e-type=\"widget\" data-widget_type=\"heading.default\">\n\t\t\t\t<div class=\"elementor-widget-container\">\n\t\t\t\t\t<h5 class=\"elementor-heading-title elementor-size-default\">Mietvertrag Erwachsene<\/h5>\t\t\t\t<\/div>\n\t\t\t\t<\/div>\n\t\t\t\t<div class=\"elementor-element elementor-element-285f746b elementor-align-center elementor-widget elementor-widget-button\" data-id=\"285f746b\" data-element_type=\"widget\" data-e-type=\"widget\" data-widget_type=\"button.default\">\n\t\t\t\t<div class=\"elementor-widget-container\">\n\t\t\t\t\t\t\t\t\t<div class=\"elementor-button-wrapper\">\n\t\t\t\t\t<a class=\"elementor-button elementor-button-link elementor-size-xs\" href=\"https:\/\/www.villa-ritter.ch\/wp-content\/uploads\/Mietvertrag-2023-Erwachsen.pdf\">\n\t\t\t\t\t\t<span class=\"elementor-button-content-wrapper\">\n\t\t\t\t\t\t\t\t\t<span class=\"elementor-button-text\">klick hier<\/span>\n\t\t\t\t\t<\/span>\n\t\t\t\t\t<\/a>\n\t\t\t\t<\/div>\n\t\t\t\t\t\t\t\t<\/div>\n\t\t\t\t<\/div>\n\t\t\t\t\t<\/div>\n\t\t<\/div>\n\t\t\t\t<div class=\"elementor-column elementor-col-25 elementor-top-column elementor-element elementor-element-36c22dab\" data-id=\"36c22dab\" data-element_type=\"column\" data-e-type=\"column\">\n\t\t\t<div class=\"elementor-widget-wrap elementor-element-populated\">\n\t\t\t\t\t\t<div class=\"elementor-element elementor-element-50965024 elementor-widget elementor-widget-heading\" data-id=\"50965024\" data-element_type=\"widget\" data-e-type=\"widget\" data-widget_type=\"heading.default\">\n\t\t\t\t<div class=\"elementor-widget-container\">\n\t\t\t\t\t<h5 class=\"elementor-heading-title elementor-size-default\">Mietvertrag Jugendliche<\/h5>\t\t\t\t<\/div>\n\t\t\t\t<\/div>\n\t\t\t\t<div class=\"elementor-element elementor-element-7e8e66c1 elementor-align-center elementor-widget elementor-widget-button\" data-id=\"7e8e66c1\" data-element_type=\"widget\" data-e-type=\"widget\" data-widget_type=\"button.default\">\n\t\t\t\t<div class=\"elementor-widget-container\">\n\t\t\t\t\t\t\t\t\t<div class=\"elementor-button-wrapper\">\n\t\t\t\t\t<a class=\"elementor-button elementor-button-link elementor-size-xs\" href=\"https:\/\/www.villa-ritter.ch\/wp-content\/uploads\/contrat-location-2018-jeunes.pdf\">\n\t\t\t\t\t\t<span class=\"elementor-button-content-wrapper\">\n\t\t\t\t\t\t\t\t\t<span class=\"elementor-button-text\">klick hier<\/span>\n\t\t\t\t\t<\/span>\n\t\t\t\t\t<\/a>\n\t\t\t\t<\/div>\n\t\t\t\t\t\t\t\t<\/div>\n\t\t\t\t<\/div>\n\t\t\t\t\t<\/div>\n\t\t<\/div>\n\t\t\t\t<div class=\"elementor-column elementor-col-25 elementor-top-column elementor-element elementor-element-723e727\" data-id=\"723e727\" data-element_type=\"column\" data-e-type=\"column\">\n\t\t\t<div class=\"elementor-widget-wrap elementor-element-populated\">\n\t\t\t\t\t\t<div class=\"elementor-element elementor-element-22cd310d elementor-widget elementor-widget-heading\" data-id=\"22cd310d\" data-element_type=\"widget\" data-e-type=\"widget\" data-widget_type=\"heading.default\">\n\t\t\t\t<div class=\"elementor-widget-container\">\n\t\t\t\t\t<h5 class=\"elementor-heading-title elementor-size-default\">Mietordnung\n_____<\/h5>\t\t\t\t<\/div>\n\t\t\t\t<\/div>\n\t\t\t\t<div class=\"elementor-element elementor-element-40c50605 elementor-align-center elementor-widget elementor-widget-button\" data-id=\"40c50605\" data-element_type=\"widget\" data-e-type=\"widget\" data-widget_type=\"button.default\">\n\t\t\t\t<div class=\"elementor-widget-container\">\n\t\t\t\t\t\t\t\t\t<div class=\"elementor-button-wrapper\">\n\t\t\t\t\t<a class=\"elementor-button elementor-button-link elementor-size-sm\" href=\"https:\/\/www.villa-ritter.ch\/wp-content\/uploads\/r\u00e8glement-location-2018-version-septembre-2018-Copie.pdf\">\n\t\t\t\t\t\t<span class=\"elementor-button-content-wrapper\">\n\t\t\t\t\t\t\t\t\t<span class=\"elementor-button-text\">klick hier<\/span>\n\t\t\t\t\t<\/span>\n\t\t\t\t\t<\/a>\n\t\t\t\t<\/div>\n\t\t\t\t\t\t\t\t<\/div>\n\t\t\t\t<\/div>\n\t\t\t\t\t<\/div>\n\t\t<\/div>\n\t\t\t\t<div class=\"elementor-column elementor-col-25 elementor-top-column elementor-element elementor-element-89768a1\" data-id=\"89768a1\" data-element_type=\"column\" data-e-type=\"column\">\n\t\t\t<div class=\"elementor-widget-wrap elementor-element-populated\">\n\t\t\t\t\t\t<div class=\"elementor-element elementor-element-1a8d38a5 elementor-widget elementor-widget-heading\" data-id=\"1a8d38a5\" data-element_type=\"widget\" data-e-type=\"widget\" data-widget_type=\"heading.default\">\n\t\t\t\t<div class=\"elementor-widget-container\">\n\t\t\t\t\t<h5 class=\"elementor-heading-title elementor-size-default\">Mietkalender <br>_____<\/h5>\t\t\t\t<\/div>\n\t\t\t\t<\/div>\n\t\t\t\t<div class=\"elementor-element elementor-element-1d0c7329 elementor-align-center elementor-widget elementor-widget-button\" data-id=\"1d0c7329\" data-element_type=\"widget\" data-e-type=\"widget\" data-widget_type=\"button.default\">\n\t\t\t\t<div class=\"elementor-widget-container\">\n\t\t\t\t\t\t\t\t\t<div class=\"elementor-button-wrapper\">\n\t\t\t\t\t<a class=\"elementor-button elementor-button-link elementor-size-sm\" href=\"https:\/\/www.villa-ritter.ch\/?page_id=1354\">\n\t\t\t\t\t\t<span class=\"elementor-button-content-wrapper\">\n\t\t\t\t\t\t\t\t\t<span class=\"elementor-button-text\">klick hier<\/span>\n\t\t\t\t\t<\/span>\n\t\t\t\t\t<\/a>\n\t\t\t\t<\/div>\n\t\t\t\t\t\t\t\t<\/div>\n\t\t\t\t<\/div>\n\t\t\t\t\t<\/div>\n\t\t<\/div>\n\t\t\t\t\t<\/div>\n\t\t<\/section>\n\t\t\t\t<section class=\"elementor-section elementor-top-section elementor-element elementor-element-388da232 elementor-section-boxed elementor-section-height-default elementor-section-height-default\" data-id=\"388da232\" data-element_type=\"section\" data-e-type=\"section\">\n\t\t\t\t\t\t<div class=\"elementor-container elementor-column-gap-default\">\n\t\t\t\t\t<div class=\"elementor-column elementor-col-100 elementor-top-column elementor-element elementor-element-4a10d839\" data-id=\"4a10d839\" data-element_type=\"column\" data-e-type=\"column\">\n\t\t\t<div class=\"elementor-widget-wrap elementor-element-populated\">\n\t\t\t\t\t\t<div class=\"elementor-element elementor-element-4709788a elementor-widget elementor-widget-spacer\" data-id=\"4709788a\" data-element_type=\"widget\" data-e-type=\"widget\" data-widget_type=\"spacer.default\">\n\t\t\t\t<div class=\"elementor-widget-container\">\n\t\t\t\t\t\t\t<div class=\"elementor-spacer\">\n\t\t\t<div class=\"elementor-spacer-inner\"><\/div>\n\t\t<\/div>\n\t\t\t\t\t\t<\/div>\n\t\t\t\t<\/div>\n\t\t\t\t<div class=\"elementor-element elementor-element-1462b48a elementor-widget elementor-widget-image-gallery\" data-id=\"1462b48a\" data-element_type=\"widget\" data-e-type=\"widget\" data-widget_type=\"image-gallery.default\">\n\t\t\t\t<div class=\"elementor-widget-container\">\n\t\t\t\t\t\t\t<div class=\"elementor-image-gallery\">\n\t\t\t\t\t<\/div>\n\t\t\t\t\t\t<\/div>\n\t\t\t\t<\/div>\n\t\t\t\t\t<\/div>\n\t\t<\/div>\n\t\t\t\t\t<\/div>\n\t\t<\/section>\n\t\t\t\t<\/div>\n\t\t","protected":false},"excerpt":{"rendered":"<p>Mit einer Kapazit\u00e4t von 80 Personen eignet sich der gro\u00dfe Saal perfekt f\u00fcr die Organisation von Festen oder Empf\u00e4ngen. Eine Tonanlage, ein professionelles Beleuchtungssystem sowie eine WLAN-Abdeckung stehen zur Verf\u00fcgung, ebenso wie eine semiprofessionelle K\u00fcche, die die Organisation von Mahlzeiten f\u00fcr eine gro\u00dfe Anzahl von G\u00e4sten erm\u00f6glicht. Ein Garten mit einer Feuerstelle zum Grillen steht [&hellip;]<\/p>\n","protected":false},"author":1,"featured_media":0,"parent":1139,"menu_order":0,"comment_status":"closed","ping_status":"closed","template":"","meta":{"site-sidebar-layout":"default","site-content-layout":"","ast-site-content-layout":"default","site-content-style":"default","site-sidebar-style":"default","ast-global-header-display":"","ast-banner-title-visibility":"","ast-main-header-display":"","ast-hfb-above-header-display":"","ast-hfb-below-header-display":"","ast-hfb-mobile-header-display":"","site-post-title":"","ast-breadcrumbs-content":"","ast-featured-img":"","footer-sml-layout":"","ast-disable-related-posts":"","theme-transparent-header-meta":"","adv-header-id-meta":"","stick-header-meta":"","header-above-stick-meta":"","header-main-stick-meta":"","header-below-stick-meta":"","astra-migrate-meta-layouts":"default","ast-page-background-enabled":"default","ast-page-background-meta":{"desktop":{"background-color":"","background-image":"","background-repeat":"repeat","background-position":"center center","background-size":"auto","background-attachment":"scroll","background-type":"","background-media":"","overlay-type":"","overlay-color":"","overlay-opacity":"","overlay-gradient":""},"tablet":{"background-color":"","background-image":"","background-repeat":"repeat","background-position":"center center","background-size":"auto","background-attachment":"scroll","background-type":"","background-media":"","overlay-type":"","overlay-color":"","overlay-opacity":"","overlay-gradient":""},"mobile":{"background-color":"","background-image":"","background-repeat":"repeat","background-position":"center center","background-size":"auto","background-attachment":"scroll","background-type":"","background-media":"","overlay-type":"","overlay-color":"","overlay-opacity":"","overlay-gradient":""}},"ast-content-background-meta":{"desktop":{"background-color":"var(--ast-global-color-5)","background-image":"","background-repeat":"repeat","background-position":"center center","background-size":"auto","background-attachment":"scroll","background-type":"","background-media":"","overlay-type":"","overlay-color":"","overlay-opacity":"","overlay-gradient":""},"tablet":{"background-color":"var(--ast-global-color-5)","background-image":"","background-repeat":"repeat","background-position":"center center","background-size":"auto","background-attachment":"scroll","background-type":"","background-media":"","overlay-type":"","overlay-color":"","overlay-opacity":"","overlay-gradient":""},"mobile":{"background-color":"var(--ast-global-color-5)","background-image":"","background-repeat":"repeat","background-position":"center center","background-size":"auto","background-attachment":"scroll","background-type":"","background-media":"","overlay-type":"","overlay-color":"","overlay-opacity":"","overlay-gradient":""}},"ngg_post_thumbnail":0,"footnotes":""},"class_list":["post-1141","page","type-page","status-publish","hentry"],"_links":{"self":[{"href":"https:\/\/www.villa-ritter.ch\/index.php?rest_route=\/wp\/v2\/pages\/1141","targetHints":{"allow":["GET"]}}],"collection":[{"href":"https:\/\/www.villa-ritter.ch\/index.php?rest_route=\/wp\/v2\/pages"}],"about":[{"href":"https:\/\/www.villa-ritter.ch\/index.php?rest_route=\/wp\/v2\/types\/page"}],"author":[{"embeddable":true,"href":"https:\/\/www.villa-ritter.ch\/index.php?rest_route=\/wp\/v2\/users\/1"}],"replies":[{"embeddable":true,"href":"https:\/\/www.villa-ritter.ch\/index.php?rest_route=%2Fwp%2Fv2%2Fcomments&post=1141"}],"version-history":[{"count":29,"href":"https:\/\/www.villa-ritter.ch\/index.php?rest_route=\/wp\/v2\/pages\/1141\/revisions"}],"predecessor-version":[{"id":4221,"href":"https:\/\/www.villa-ritter.ch\/index.php?rest_route=\/wp\/v2\/pages\/1141\/revisions\/4221"}],"up":[{"embeddable":true,"href":"https:\/\/www.villa-ritter.ch\/index.php?rest_route=\/wp\/v2\/pages\/1139"}],"wp:attachment":[{"href":"https:\/\/www.villa-ritter.ch\/index.php?rest_route=%2Fwp%2Fv2%2Fmedia&parent=1141"}],"curies":[{"name":"wp","href":"https:\/\/api.w.org\/{rel}","templated":true}]}}

<div data-elementor-type="wp-page" data-elementor-id="1141" class="elementor elementor-1141">
						<section class="elementor-section elementor-top-section elementor-element elementor-element-10613697 elementor-section-boxed elementor-section-height-default elementor-section-height-default" data-id="10613697" data-element_type="section" data-e-type="section">
						<div class="elementor-container elementor-column-gap-default">
					<div class="elementor-column elementor-col-100 elementor-top-column elementor-element elementor-element-3513fcaf" data-id="3513fcaf" data-element_type="column" data-e-type="column">
			<div class="elementor-widget-wrap elementor-element-populated">
						<div class="elementor-element elementor-element-c40fcae elementor-widget elementor-widget-text-editor" data-id="c40fcae" data-element_type="widget" data-e-type="widget" data-widget_type="text-editor.default">
				<div class="elementor-widget-container">
									<p>Mit einer Kapazität von 80 Personen eignet sich der große Saal perfekt für die Organisation von Festen oder Empfängen.</p><p>Eine Tonanlage, ein professionelles Beleuchtungssystem sowie eine WLAN-Abdeckung stehen zur Verfügung, ebenso wie eine semiprofessionelle Küche, die die Organisation von Mahlzeiten für eine große Anzahl von Gästen ermöglicht.</p><p>Ein Garten mit einer Feuerstelle zum Grillen steht ebenfalls zur Verfügung. Einige Fahrzeuge können hinter dem Haus geparkt werden.</p>								</div>
				</div>
					</div>
		</div>
					</div>
		</section>
				<section class="elementor-section elementor-top-section elementor-element elementor-element-1bd90db7 elementor-section-boxed elementor-section-height-default elementor-section-height-default" data-id="1bd90db7" data-element_type="section" data-e-type="section">
						<div class="elementor-container elementor-column-gap-default">
					<div class="elementor-column elementor-col-25 elementor-top-column elementor-element elementor-element-59346ea1" data-id="59346ea1" data-element_type="column" data-e-type="column">
			<div class="elementor-widget-wrap elementor-element-populated">
						<div class="elementor-element elementor-element-764e3a53 elementor-widget elementor-widget-heading" data-id="764e3a53" data-element_type="widget" data-e-type="widget" data-widget_type="heading.default">
				<div class="elementor-widget-container">
					<h5 class="elementor-heading-title elementor-size-default">Mietvertrag Erwachsene</h5>				</div>
				</div>
				<div class="elementor-element elementor-element-285f746b elementor-align-center elementor-widget elementor-widget-button" data-id="285f746b" data-element_type="widget" data-e-type="widget" data-widget_type="button.default">
				<div class="elementor-widget-container">
									<div class="elementor-button-wrapper">
					<a class="elementor-button elementor-button-link elementor-size-xs" href="https://www.villa-ritter.ch/wp-content/uploads/Mietvertrag-2023-Erwachsen.pdf">
						<span class="elementor-button-content-wrapper">
									<span class="elementor-button-text">klick hier</span>
					</span>
					</a>
				</div>
								</div>
				</div>
					</div>
		</div>
				<div class="elementor-column elementor-col-25 elementor-top-column elementor-element elementor-element-36c22dab" data-id="36c22dab" data-element_type="column" data-e-type="column">
			<div class="elementor-widget-wrap elementor-element-populated">
						<div class="elementor-element elementor-element-50965024 elementor-widget elementor-widget-heading" data-id="50965024" data-element_type="widget" data-e-type="widget" data-widget_type="heading.default">
				<div class="elementor-widget-container">
					<h5 class="elementor-heading-title elementor-size-default">Mietvertrag Jugendliche</h5>				</div>
				</div>
				<div class="elementor-element elementor-element-7e8e66c1 elementor-align-center elementor-widget elementor-widget-button" data-id="7e8e66c1" data-element_type="widget" data-e-type="widget" data-widget_type="button.default">
				<div class="elementor-widget-container">
									<div class="elementor-button-wrapper">
					<a class="elementor-button elementor-button-link elementor-size-xs" href="https://www.villa-ritter.ch/wp-content/uploads/contrat-location-2018-jeunes.pdf">
						<span class="elementor-button-content-wrapper">
									<span class="elementor-button-text">klick hier</span>
					</span>
					</a>
				</div>
								</div>
				</div>
					</div>
		</div>
				<div class="elementor-column elementor-col-25 elementor-top-column elementor-element elementor-element-723e727" data-id="723e727" data-element_type="column" data-e-type="column">
			<div class="elementor-widget-wrap elementor-element-populated">
						<div class="elementor-element elementor-element-22cd310d elementor-widget elementor-widget-heading" data-id="22cd310d" data-element_type="widget" data-e-type="widget" data-widget_type="heading.default">
				<div class="elementor-widget-container">
					<h5 class="elementor-heading-title elementor-size-default">Mietordnung
_____</h5>				</div>
				</div>
				<div class="elementor-element elementor-element-40c50605 elementor-align-center elementor-widget elementor-widget-button" data-id="40c50605" data-element_type="widget" data-e-type="widget" data-widget_type="button.default">
				<div class="elementor-widget-container">
									<div class="elementor-button-wrapper">
					<a class="elementor-button elementor-button-link elementor-size-sm" href="https://www.villa-ritter.ch/wp-content/uploads/règlement-location-2018-version-septembre-2018-Copie.pdf">
						<span class="elementor-button-content-wrapper">
									<span class="elementor-button-text">klick hier</span>
					</span>
					</a>
				</div>
								</div>
				</div>
					</div>
		</div>
				<div class="elementor-column elementor-col-25 elementor-top-column elementor-element elementor-element-89768a1" data-id="89768a1" data-element_type="column" data-e-type="column">
			<div class="elementor-widget-wrap elementor-element-populated">
						<div class="elementor-element elementor-element-1a8d38a5 elementor-widget elementor-widget-heading" data-id="1a8d38a5" data-element_type="widget" data-e-type="widget" data-widget_type="heading.default">
				<div class="elementor-widget-container">
					<h5 class="elementor-heading-title elementor-size-default">Mietkalender <br>_____</h5>				</div>
				</div>
				<div class="elementor-element elementor-element-1d0c7329 elementor-align-center elementor-widget elementor-widget-button" data-id="1d0c7329" data-element_type="widget" data-e-type="widget" data-widget_type="button.default">
				<div class="elementor-widget-container">
									<div class="elementor-button-wrapper">
					<a class="elementor-button elementor-button-link elementor-size-sm" href="https://www.villa-ritter.ch/?page_id=1354">
						<span class="elementor-button-content-wrapper">
									<span class="elementor-button-text">klick hier</span>
					</span>
					</a>
				</div>
								</div>
				</div>
					</div>
		</div>
					</div>
		</section>
				<section class="elementor-section elementor-top-section elementor-element elementor-element-388da232 elementor-section-boxed elementor-section-height-default elementor-section-height-default" data-id="388da232" data-element_type="section" data-e-type="section">
						<div class="elementor-container elementor-column-gap-default">
					<div class="elementor-column elementor-col-100 elementor-top-column elementor-element elementor-element-4a10d839" data-id="4a10d839" data-element_type="column" data-e-type="column">
			<div class="elementor-widget-wrap elementor-element-populated">
						<div class="elementor-element elementor-element-4709788a elementor-widget elementor-widget-spacer" data-id="4709788a" data-element_type="widget" data-e-type="widget" data-widget_type="spacer.default">
				<div class="elementor-widget-container">
							<div class="elementor-spacer">
			<div class="elementor-spacer-inner"></div>
		</div>
						</div>
				</div>
				<div class="elementor-element elementor-element-1462b48a elementor-widget elementor-widget-image-gallery" data-id="1462b48a" data-element_type="widget" data-e-type="widget" data-widget_type="image-gallery.default">
				<div class="elementor-widget-container">
							<div class="elementor-image-gallery">
					</div>
						</div>
				</div>
					</div>
		</div>
					</div>
		</section>
				</div>

<p>Mit einer Kapazität von 80 Personen eignet sich der große Saal perfekt für die Organisation von Festen oder Empfängen. Eine Tonanlage, ein professionelles Beleuchtungssystem sowie eine WLAN-Abdeckung stehen zur Verfügung, ebenso wie eine semiprofessionelle Küche, die die Organisation von Mahlzeiten für eine große Anzahl von Gästen ermöglicht. Ein Garten mit einer Feuerstelle zum Grillen steht [&hellip;]</p>
