{"id":1146,"date":"2018-09-28T14:39:47","date_gmt":"2018-09-28T13:39:47","guid":{"rendered":"http:\/\/www.villa-ritter.ch\/?page_id=1146"},"modified":"2022-03-24T09:22:06","modified_gmt":"2022-03-24T08:22:06","slug":"seminar-vermietung","status":"publish","type":"page","link":"https:\/\/www.villa-ritter.ch\/?page_id=1146","title":{"rendered":"Seminar Vermietung"},"content":{"rendered":"\t\t<div data-elementor-type=\"wp-page\" data-elementor-id=\"1146\" class=\"elementor elementor-1146\">\n\t\t\t\t\t\t<section class=\"elementor-section elementor-top-section elementor-element elementor-element-37d1fc77 elementor-section-boxed elementor-section-height-default elementor-section-height-default\" data-id=\"37d1fc77\" data-element_type=\"section\" data-e-type=\"section\">\n\t\t\t\t\t\t<div class=\"elementor-container elementor-column-gap-default\">\n\t\t\t\t\t<div class=\"elementor-column elementor-col-100 elementor-top-column elementor-element elementor-element-2bdfe1b0\" data-id=\"2bdfe1b0\" data-element_type=\"column\" data-e-type=\"column\">\n\t\t\t<div class=\"elementor-widget-wrap elementor-element-populated\">\n\t\t\t\t\t\t<div class=\"elementor-element elementor-element-66a4f172 elementor-widget elementor-widget-text-editor\" data-id=\"66a4f172\" data-element_type=\"widget\" data-e-type=\"widget\" data-widget_type=\"text-editor.default\">\n\t\t\t\t<div class=\"elementor-widget-container\">\n\t\t\t\t\t\t\t\t\t<p>Im Erdgeschoss befindet sich unser gro\u00dfer Saal, der sich ideal f\u00fcr Seminare, Schulungstage oder andere professionelle Veranstaltungen eignet. Der Raum ist mit einer Beschallungsanlage und einem Beamer ausgestattet und verf\u00fcgt \u00fcber WLAN. Ein gro\u00dfer Garten kann ebenfalls genutzt werden.<br \/><br \/>Auf Wunsch organisieren wir einen Imbiss (Kaffee, Tee, Mineralwasser, Orangensaft, Croissants und Obst).<br \/><br \/>Wir beraten Sie gerne telefonisch oder per E-Mail.<br \/><br \/>Preise<br \/><br \/>halber Tag 200.-<br \/>ganzer Tag 300.-<br \/>zus\u00e4tzlicher Tag 200.-<\/p>\t\t\t\t\t\t\t\t<\/div>\n\t\t\t\t<\/div>\n\t\t\t\t\t<\/div>\n\t\t<\/div>\n\t\t\t\t\t<\/div>\n\t\t<\/section>\n\t\t\t\t<section class=\"elementor-section elementor-top-section elementor-element elementor-element-3a45b4e0 elementor-section-boxed elementor-section-height-default elementor-section-height-default\" data-id=\"3a45b4e0\" data-element_type=\"section\" data-e-type=\"section\">\n\t\t\t\t\t\t<div class=\"elementor-container elementor-column-gap-default\">\n\t\t\t\t\t<div class=\"elementor-column elementor-col-100 elementor-top-column elementor-element elementor-element-5483cbe7\" data-id=\"5483cbe7\" data-element_type=\"column\" data-e-type=\"column\">\n\t\t\t<div class=\"elementor-widget-wrap elementor-element-populated\">\n\t\t\t\t\t\t<div class=\"elementor-element elementor-element-778ba3c1 elementor-widget elementor-widget-image-gallery\" data-id=\"778ba3c1\" data-element_type=\"widget\" data-e-type=\"widget\" data-widget_type=\"image-gallery.default\">\n\t\t\t\t<div class=\"elementor-widget-container\">\n\t\t\t\t\t\t\t<div class=\"elementor-image-gallery\">\n\t\t\t\t\t<\/div>\n\t\t\t\t\t\t<\/div>\n\t\t\t\t<\/div>\n\t\t\t\t\t<\/div>\n\t\t<\/div>\n\t\t\t\t\t<\/div>\n\t\t<\/section>\n\t\t\t\t<\/div>\n\t\t","protected":false},"excerpt":{"rendered":"<p>Im Erdgeschoss befindet sich unser gro\u00dfer Saal, der sich ideal f\u00fcr Seminare, Schulungstage oder andere professionelle Veranstaltungen eignet. Der Raum ist mit einer Beschallungsanlage und einem Beamer ausgestattet und verf\u00fcgt \u00fcber WLAN. Ein gro\u00dfer Garten kann ebenfalls genutzt werden. Auf Wunsch organisieren wir einen Imbiss (Kaffee, Tee, Mineralwasser, Orangensaft, Croissants und Obst). Wir beraten Sie [&hellip;]<\/p>\n","protected":false},"author":1,"featured_media":0,"parent":1139,"menu_order":0,"comment_status":"closed","ping_status":"closed","template":"","meta":{"site-sidebar-layout":"default","site-content-layout":"","ast-site-content-layout":"default","site-content-style":"default","site-sidebar-style":"default","ast-global-header-display":"","ast-banner-title-visibility":"","ast-main-header-display":"","ast-hfb-above-header-display":"","ast-hfb-below-header-display":"","ast-hfb-mobile-header-display":"","site-post-title":"","ast-breadcrumbs-content":"","ast-featured-img":"","footer-sml-layout":"","ast-disable-related-posts":"","theme-transparent-header-meta":"","adv-header-id-meta":"","stick-header-meta":"","header-above-stick-meta":"","header-main-stick-meta":"","header-below-stick-meta":"","astra-migrate-meta-layouts":"default","ast-page-background-enabled":"default","ast-page-background-meta":{"desktop":{"background-color":"","background-image":"","background-repeat":"repeat","background-position":"center center","background-size":"auto","background-attachment":"scroll","background-type":"","background-media":"","overlay-type":"","overlay-color":"","overlay-opacity":"","overlay-gradient":""},"tablet":{"background-color":"","background-image":"","background-repeat":"repeat","background-position":"center center","background-size":"auto","background-attachment":"scroll","background-type":"","background-media":"","overlay-type":"","overlay-color":"","overlay-opacity":"","overlay-gradient":""},"mobile":{"background-color":"","background-image":"","background-repeat":"repeat","background-position":"center center","background-size":"auto","background-attachment":"scroll","background-type":"","background-media":"","overlay-type":"","overlay-color":"","overlay-opacity":"","overlay-gradient":""}},"ast-content-background-meta":{"desktop":{"background-color":"var(--ast-global-color-5)","background-image":"","background-repeat":"repeat","background-position":"center center","background-size":"auto","background-attachment":"scroll","background-type":"","background-media":"","overlay-type":"","overlay-color":"","overlay-opacity":"","overlay-gradient":""},"tablet":{"background-color":"var(--ast-global-color-5)","background-image":"","background-repeat":"repeat","background-position":"center center","background-size":"auto","background-attachment":"scroll","background-type":"","background-media":"","overlay-type":"","overlay-color":"","overlay-opacity":"","overlay-gradient":""},"mobile":{"background-color":"var(--ast-global-color-5)","background-image":"","background-repeat":"repeat","background-position":"center center","background-size":"auto","background-attachment":"scroll","background-type":"","background-media":"","overlay-type":"","overlay-color":"","overlay-opacity":"","overlay-gradient":""}},"ngg_post_thumbnail":0,"footnotes":""},"class_list":["post-1146","page","type-page","status-publish","hentry"],"_links":{"self":[{"href":"https:\/\/www.villa-ritter.ch\/index.php?rest_route=\/wp\/v2\/pages\/1146","targetHints":{"allow":["GET"]}}],"collection":[{"href":"https:\/\/www.villa-ritter.ch\/index.php?rest_route=\/wp\/v2\/pages"}],"about":[{"href":"https:\/\/www.villa-ritter.ch\/index.php?rest_route=\/wp\/v2\/types\/page"}],"author":[{"embeddable":true,"href":"https:\/\/www.villa-ritter.ch\/index.php?rest_route=\/wp\/v2\/users\/1"}],"replies":[{"embeddable":true,"href":"https:\/\/www.villa-ritter.ch\/index.php?rest_route=%2Fwp%2Fv2%2Fcomments&post=1146"}],"version-history":[{"count":16,"href":"https:\/\/www.villa-ritter.ch\/index.php?rest_route=\/wp\/v2\/pages\/1146\/revisions"}],"predecessor-version":[{"id":3809,"href":"https:\/\/www.villa-ritter.ch\/index.php?rest_route=\/wp\/v2\/pages\/1146\/revisions\/3809"}],"up":[{"embeddable":true,"href":"https:\/\/www.villa-ritter.ch\/index.php?rest_route=\/wp\/v2\/pages\/1139"}],"wp:attachment":[{"href":"https:\/\/www.villa-ritter.ch\/index.php?rest_route=%2Fwp%2Fv2%2Fmedia&parent=1146"}],"curies":[{"name":"wp","href":"https:\/\/api.w.org\/{rel}","templated":true}]}}

<div data-elementor-type="wp-page" data-elementor-id="1146" class="elementor elementor-1146">
						<section class="elementor-section elementor-top-section elementor-element elementor-element-37d1fc77 elementor-section-boxed elementor-section-height-default elementor-section-height-default" data-id="37d1fc77" data-element_type="section" data-e-type="section">
						<div class="elementor-container elementor-column-gap-default">
					<div class="elementor-column elementor-col-100 elementor-top-column elementor-element elementor-element-2bdfe1b0" data-id="2bdfe1b0" data-element_type="column" data-e-type="column">
			<div class="elementor-widget-wrap elementor-element-populated">
						<div class="elementor-element elementor-element-66a4f172 elementor-widget elementor-widget-text-editor" data-id="66a4f172" data-element_type="widget" data-e-type="widget" data-widget_type="text-editor.default">
				<div class="elementor-widget-container">
									<p>Im Erdgeschoss befindet sich unser großer Saal, der sich ideal für Seminare, Schulungstage oder andere professionelle Veranstaltungen eignet. Der Raum ist mit einer Beschallungsanlage und einem Beamer ausgestattet und verfügt über WLAN. Ein großer Garten kann ebenfalls genutzt werden.<br /><br />Auf Wunsch organisieren wir einen Imbiss (Kaffee, Tee, Mineralwasser, Orangensaft, Croissants und Obst).<br /><br />Wir beraten Sie gerne telefonisch oder per E-Mail.<br /><br />Preise<br /><br />halber Tag 200.-<br />ganzer Tag 300.-<br />zusätzlicher Tag 200.-</p>								</div>
				</div>
					</div>
		</div>
					</div>
		</section>
				<section class="elementor-section elementor-top-section elementor-element elementor-element-3a45b4e0 elementor-section-boxed elementor-section-height-default elementor-section-height-default" data-id="3a45b4e0" data-element_type="section" data-e-type="section">
						<div class="elementor-container elementor-column-gap-default">
					<div class="elementor-column elementor-col-100 elementor-top-column elementor-element elementor-element-5483cbe7" data-id="5483cbe7" data-element_type="column" data-e-type="column">
			<div class="elementor-widget-wrap elementor-element-populated">
						<div class="elementor-element elementor-element-778ba3c1 elementor-widget elementor-widget-image-gallery" data-id="778ba3c1" data-element_type="widget" data-e-type="widget" data-widget_type="image-gallery.default">
				<div class="elementor-widget-container">
							<div class="elementor-image-gallery">
					</div>
						</div>
				</div>
					</div>
		</div>
					</div>
		</section>
				</div>

<p>Im Erdgeschoss befindet sich unser großer Saal, der sich ideal für Seminare, Schulungstage oder andere professionelle Veranstaltungen eignet. Der Raum ist mit einer Beschallungsanlage und einem Beamer ausgestattet und verfügt über WLAN. Ein großer Garten kann ebenfalls genutzt werden. Auf Wunsch organisieren wir einen Imbiss (Kaffee, Tee, Mineralwasser, Orangensaft, Croissants und Obst). Wir beraten Sie [&hellip;]</p>
