{"id":31,"date":"2014-02-25T11:13:56","date_gmt":"2014-02-25T10:13:56","guid":{"rendered":"http:\/\/www.villa-ritter.ch\/blog\/?page_id=31"},"modified":"2025-12-03T18:09:19","modified_gmt":"2025-12-03T17:09:19","slug":"lequipe","status":"publish","type":"page","link":"https:\/\/www.villa-ritter.ch\/?page_id=31","title":{"rendered":"L&rsquo;\u00e9quipe"},"content":{"rendered":"\t\t<div data-elementor-type=\"wp-page\" data-elementor-id=\"31\" class=\"elementor elementor-31\">\n\t\t\t\t\t\t<section class=\"elementor-section elementor-top-section elementor-element elementor-element-e510475 elementor-section-boxed elementor-section-height-default elementor-section-height-default\" data-id=\"e510475\" data-element_type=\"section\" data-e-type=\"section\">\n\t\t\t\t\t\t<div class=\"elementor-container elementor-column-gap-default\">\n\t\t\t\t\t<div class=\"elementor-column elementor-col-25 elementor-top-column elementor-element elementor-element-e026b22\" data-id=\"e026b22\" data-element_type=\"column\" data-e-type=\"column\">\n\t\t\t<div class=\"elementor-widget-wrap elementor-element-populated\">\n\t\t\t\t\t\t<div class=\"elementor-element elementor-element-674570e elementor-widget elementor-widget-image\" data-id=\"674570e\" data-element_type=\"widget\" data-e-type=\"widget\" data-widget_type=\"image.default\">\n\t\t\t\t<div class=\"elementor-widget-container\">\n\t\t\t\t\t\t\t\t\t\t\t\t<figure class=\"wp-caption\">\n\t\t\t\t\t\t\t\t\t\t<img fetchpriority=\"high\" decoding=\"async\" width=\"1446\" height=\"2126\" src=\"https:\/\/www.villa-ritter.ch\/wp-content\/uploads\/Santi_site.jpg\" class=\"attachment-full size-full wp-image-4380\" alt=\"\" srcset=\"https:\/\/www.villa-ritter.ch\/wp-content\/uploads\/Santi_site.jpg 1446w, https:\/\/www.villa-ritter.ch\/wp-content\/uploads\/Santi_site-204x300.jpg 204w, https:\/\/www.villa-ritter.ch\/wp-content\/uploads\/Santi_site-696x1024.jpg 696w, https:\/\/www.villa-ritter.ch\/wp-content\/uploads\/Santi_site-768x1129.jpg 768w, https:\/\/www.villa-ritter.ch\/wp-content\/uploads\/Santi_site-1045x1536.jpg 1045w, https:\/\/www.villa-ritter.ch\/wp-content\/uploads\/Santi_site-1393x2048.jpg 1393w\" sizes=\"(max-width: 1446px) 100vw, 1446px\" \/>\t\t\t\t\t\t\t\t\t\t\t<figcaption class=\"widget-image-caption wp-caption-text\">Santina<\/figcaption>\n\t\t\t\t\t\t\t\t\t\t<\/figure>\n\t\t\t\t\t\t\t\t\t<\/div>\n\t\t\t\t<\/div>\n\t\t\t\t\t<\/div>\n\t\t<\/div>\n\t\t\t\t<div class=\"elementor-column elementor-col-25 elementor-top-column elementor-element elementor-element-513a850\" data-id=\"513a850\" data-element_type=\"column\" data-e-type=\"column\">\n\t\t\t<div class=\"elementor-widget-wrap elementor-element-populated\">\n\t\t\t\t\t\t<div class=\"elementor-element elementor-element-00ac177 elementor-widget elementor-widget-image\" data-id=\"00ac177\" data-element_type=\"widget\" data-e-type=\"widget\" data-widget_type=\"image.default\">\n\t\t\t\t<div class=\"elementor-widget-container\">\n\t\t\t\t\t\t\t\t\t\t\t\t<figure class=\"wp-caption\">\n\t\t\t\t\t\t\t\t\t\t<img decoding=\"async\" width=\"697\" height=\"1024\" src=\"https:\/\/www.villa-ritter.ch\/wp-content\/uploads\/Aurele_site-697x1024.jpg\" class=\"attachment-large size-large wp-image-4381\" alt=\"\" srcset=\"https:\/\/www.villa-ritter.ch\/wp-content\/uploads\/Aurele_site-697x1024.jpg 697w, https:\/\/www.villa-ritter.ch\/wp-content\/uploads\/Aurele_site-204x300.jpg 204w, https:\/\/www.villa-ritter.ch\/wp-content\/uploads\/Aurele_site-768x1129.jpg 768w, https:\/\/www.villa-ritter.ch\/wp-content\/uploads\/Aurele_site-1045x1536.jpg 1045w, https:\/\/www.villa-ritter.ch\/wp-content\/uploads\/Aurele_site.jpg 1306w\" sizes=\"(max-width: 697px) 100vw, 697px\" \/>\t\t\t\t\t\t\t\t\t\t\t<figcaption class=\"widget-image-caption wp-caption-text\">Aur\u00e8le<\/figcaption>\n\t\t\t\t\t\t\t\t\t\t<\/figure>\n\t\t\t\t\t\t\t\t\t<\/div>\n\t\t\t\t<\/div>\n\t\t\t\t\t<\/div>\n\t\t<\/div>\n\t\t\t\t<div class=\"elementor-column elementor-col-25 elementor-top-column elementor-element elementor-element-4a089cb\" data-id=\"4a089cb\" data-element_type=\"column\" data-e-type=\"column\">\n\t\t\t<div class=\"elementor-widget-wrap elementor-element-populated\">\n\t\t\t\t\t\t<div class=\"elementor-element elementor-element-b968889 elementor-widget elementor-widget-image\" data-id=\"b968889\" data-element_type=\"widget\" data-e-type=\"widget\" data-widget_type=\"image.default\">\n\t\t\t\t<div class=\"elementor-widget-container\">\n\t\t\t\t\t\t\t\t\t\t\t\t<figure class=\"wp-caption\">\n\t\t\t\t\t\t\t\t\t\t<img decoding=\"async\" width=\"693\" height=\"1024\" src=\"https:\/\/www.villa-ritter.ch\/wp-content\/uploads\/Dodo_site-693x1024.jpg\" class=\"attachment-large size-large wp-image-4382\" alt=\"\" srcset=\"https:\/\/www.villa-ritter.ch\/wp-content\/uploads\/Dodo_site-693x1024.jpg 693w, https:\/\/www.villa-ritter.ch\/wp-content\/uploads\/Dodo_site-203x300.jpg 203w, https:\/\/www.villa-ritter.ch\/wp-content\/uploads\/Dodo_site-768x1135.jpg 768w, https:\/\/www.villa-ritter.ch\/wp-content\/uploads\/Dodo_site-1040x1536.jpg 1040w, https:\/\/www.villa-ritter.ch\/wp-content\/uploads\/Dodo_site-1386x2048.jpg 1386w, https:\/\/www.villa-ritter.ch\/wp-content\/uploads\/Dodo_site.jpg 1441w\" sizes=\"(max-width: 693px) 100vw, 693px\" \/>\t\t\t\t\t\t\t\t\t\t\t<figcaption class=\"widget-image-caption wp-caption-text\">Dominique<\/figcaption>\n\t\t\t\t\t\t\t\t\t\t<\/figure>\n\t\t\t\t\t\t\t\t\t<\/div>\n\t\t\t\t<\/div>\n\t\t\t\t\t<\/div>\n\t\t<\/div>\n\t\t\t\t<div class=\"elementor-column elementor-col-25 elementor-top-column elementor-element elementor-element-b3bfb9b\" data-id=\"b3bfb9b\" data-element_type=\"column\" data-e-type=\"column\">\n\t\t\t<div class=\"elementor-widget-wrap elementor-element-populated\">\n\t\t\t\t\t\t<div class=\"elementor-element elementor-element-eb6e33c elementor-widget elementor-widget-image\" data-id=\"eb6e33c\" data-element_type=\"widget\" data-e-type=\"widget\" data-widget_type=\"image.default\">\n\t\t\t\t<div class=\"elementor-widget-container\">\n\t\t\t\t\t\t\t\t\t\t\t\t<figure class=\"wp-caption\">\n\t\t\t\t\t\t\t\t\t\t<img loading=\"lazy\" decoding=\"async\" width=\"697\" height=\"1024\" src=\"https:\/\/www.villa-ritter.ch\/wp-content\/uploads\/Luigi_site-697x1024.jpg\" class=\"attachment-large size-large wp-image-4383\" alt=\"\" srcset=\"https:\/\/www.villa-ritter.ch\/wp-content\/uploads\/Luigi_site-697x1024.jpg 697w, https:\/\/www.villa-ritter.ch\/wp-content\/uploads\/Luigi_site-204x300.jpg 204w, https:\/\/www.villa-ritter.ch\/wp-content\/uploads\/Luigi_site-768x1129.jpg 768w, https:\/\/www.villa-ritter.ch\/wp-content\/uploads\/Luigi_site.jpg 871w\" sizes=\"(max-width: 697px) 100vw, 697px\" \/>\t\t\t\t\t\t\t\t\t\t\t<figcaption class=\"widget-image-caption wp-caption-text\">Luigi<\/figcaption>\n\t\t\t\t\t\t\t\t\t\t<\/figure>\n\t\t\t\t\t\t\t\t\t<\/div>\n\t\t\t\t<\/div>\n\t\t\t\t\t<\/div>\n\t\t<\/div>\n\t\t\t\t\t<\/div>\n\t\t<\/section>\n\t\t\t\t<section class=\"elementor-section elementor-top-section elementor-element elementor-element-353c55cb elementor-section-boxed elementor-section-height-default elementor-section-height-default\" data-id=\"353c55cb\" data-element_type=\"section\" data-e-type=\"section\">\n\t\t\t\t\t\t<div class=\"elementor-container elementor-column-gap-default\">\n\t\t\t\t\t<div class=\"elementor-column elementor-col-100 elementor-top-column elementor-element elementor-element-324901b1\" data-id=\"324901b1\" data-element_type=\"column\" data-e-type=\"column\">\n\t\t\t<div class=\"elementor-widget-wrap elementor-element-populated\">\n\t\t\t\t\t\t<div class=\"elementor-element elementor-element-27f843a5 elementor-widget elementor-widget-text-editor\" data-id=\"27f843a5\" data-element_type=\"widget\" data-e-type=\"widget\" data-widget_type=\"text-editor.default\">\n\t\t\t\t<div class=\"elementor-widget-container\">\n\t\t\t\t\t\t\t\t\t<figure><span style=\"font-style: inherit; font-weight: inherit;\">L&rsquo;\u00e9quipe est compos\u00e9e de<\/span><\/figure><ul><li>deux travailleurs sociaux form\u00e9s : Santina Proietto et Aur\u00e8le Gerber<\/li><li>une administratrice: Dominique Benoit<\/li><li>un professeur pour l&rsquo;atelier de percussion : Luigi Galati<\/li><li>un service de conciergerie : Arturo Caprarelli<\/li><li>des stagiaires et civilistes<\/li><\/ul><p>Nous travaillons en r\u00e9seau avec diff\u00e9rentes instances ou acteurs sociaux (SIP, TSS, enseignants, mais \u00e9galement avec le r\u00e9seau d&rsquo;animation de la villa de Bienne et de la r\u00e9gion (Propaj, Regionetz, Sysiphos).<\/p>\t\t\t\t\t\t\t\t<\/div>\n\t\t\t\t<\/div>\n\t\t\t\t\t<\/div>\n\t\t<\/div>\n\t\t\t\t\t<\/div>\n\t\t<\/section>\n\t\t\t\t<\/div>\n\t\t","protected":false},"excerpt":{"rendered":"<p>Santina Aur\u00e8le Dominique Luigi L&rsquo;\u00e9quipe est compos\u00e9e de deux travailleurs sociaux form\u00e9s : Santina Proietto et Aur\u00e8le Gerber une administratrice: Dominique Benoit un professeur pour l&rsquo;atelier de percussion : Luigi Galati un service de conciergerie : Arturo Caprarelli des stagiaires et civilistes Nous travaillons en r\u00e9seau avec diff\u00e9rentes instances ou acteurs sociaux (SIP, TSS, enseignants, [&hellip;]<\/p>\n","protected":false},"author":1,"featured_media":0,"parent":25,"menu_order":3,"comment_status":"closed","ping_status":"closed","template":"","meta":{"site-sidebar-layout":"default","site-content-layout":"","ast-site-content-layout":"default","site-content-style":"default","site-sidebar-style":"default","ast-global-header-display":"","ast-banner-title-visibility":"","ast-main-header-display":"","ast-hfb-above-header-display":"","ast-hfb-below-header-display":"","ast-hfb-mobile-header-display":"","site-post-title":"","ast-breadcrumbs-content":"","ast-featured-img":"","footer-sml-layout":"","ast-disable-related-posts":"","theme-transparent-header-meta":"","adv-header-id-meta":"","stick-header-meta":"","header-above-stick-meta":"","header-main-stick-meta":"","header-below-stick-meta":"","astra-migrate-meta-layouts":"set","ast-page-background-enabled":"default","ast-page-background-meta":{"desktop":{"background-color":"","background-image":"","background-repeat":"repeat","background-position":"center center","background-size":"auto","background-attachment":"scroll","background-type":"","background-media":"","overlay-type":"","overlay-color":"","overlay-opacity":"","overlay-gradient":""},"tablet":{"background-color":"","background-image":"","background-repeat":"repeat","background-position":"center center","background-size":"auto","background-attachment":"scroll","background-type":"","background-media":"","overlay-type":"","overlay-color":"","overlay-opacity":"","overlay-gradient":""},"mobile":{"background-color":"","background-image":"","background-repeat":"repeat","background-position":"center center","background-size":"auto","background-attachment":"scroll","background-type":"","background-media":"","overlay-type":"","overlay-color":"","overlay-opacity":"","overlay-gradient":""}},"ast-content-background-meta":{"desktop":{"background-color":"var(--ast-global-color-5)","background-image":"","background-repeat":"repeat","background-position":"center center","background-size":"auto","background-attachment":"scroll","background-type":"","background-media":"","overlay-type":"","overlay-color":"","overlay-opacity":"","overlay-gradient":""},"tablet":{"background-color":"var(--ast-global-color-5)","background-image":"","background-repeat":"repeat","background-position":"center center","background-size":"auto","background-attachment":"scroll","background-type":"","background-media":"","overlay-type":"","overlay-color":"","overlay-opacity":"","overlay-gradient":""},"mobile":{"background-color":"var(--ast-global-color-5)","background-image":"","background-repeat":"repeat","background-position":"center center","background-size":"auto","background-attachment":"scroll","background-type":"","background-media":"","overlay-type":"","overlay-color":"","overlay-opacity":"","overlay-gradient":""}},"ngg_post_thumbnail":0,"footnotes":""},"class_list":["post-31","page","type-page","status-publish","hentry"],"_links":{"self":[{"href":"https:\/\/www.villa-ritter.ch\/index.php?rest_route=\/wp\/v2\/pages\/31","targetHints":{"allow":["GET"]}}],"collection":[{"href":"https:\/\/www.villa-ritter.ch\/index.php?rest_route=\/wp\/v2\/pages"}],"about":[{"href":"https:\/\/www.villa-ritter.ch\/index.php?rest_route=\/wp\/v2\/types\/page"}],"author":[{"embeddable":true,"href":"https:\/\/www.villa-ritter.ch\/index.php?rest_route=\/wp\/v2\/users\/1"}],"replies":[{"embeddable":true,"href":"https:\/\/www.villa-ritter.ch\/index.php?rest_route=%2Fwp%2Fv2%2Fcomments&post=31"}],"version-history":[{"count":51,"href":"https:\/\/www.villa-ritter.ch\/index.php?rest_route=\/wp\/v2\/pages\/31\/revisions"}],"predecessor-version":[{"id":4386,"href":"https:\/\/www.villa-ritter.ch\/index.php?rest_route=\/wp\/v2\/pages\/31\/revisions\/4386"}],"up":[{"embeddable":true,"href":"https:\/\/www.villa-ritter.ch\/index.php?rest_route=\/wp\/v2\/pages\/25"}],"wp:attachment":[{"href":"https:\/\/www.villa-ritter.ch\/index.php?rest_route=%2Fwp%2Fv2%2Fmedia&parent=31"}],"curies":[{"name":"wp","href":"https:\/\/api.w.org\/{rel}","templated":true}]}}