{"id":35,"date":"2014-02-25T11:14:37","date_gmt":"2014-02-25T10:14:37","guid":{"rendered":"http:\/\/www.villa-ritter.ch\/blog\/?page_id=35"},"modified":"2022-03-22T13:56:32","modified_gmt":"2022-03-22T12:56:32","slug":"financements","status":"publish","type":"page","link":"https:\/\/www.villa-ritter.ch\/?page_id=35","title":{"rendered":"Financements"},"content":{"rendered":"\t\t<div data-elementor-type=\"wp-page\" data-elementor-id=\"35\" class=\"elementor elementor-35\">\n\t\t\t\t\t\t<section class=\"elementor-section elementor-top-section elementor-element elementor-element-3cee2aa4 elementor-section-boxed elementor-section-height-default elementor-section-height-default\" data-id=\"3cee2aa4\" data-element_type=\"section\" data-e-type=\"section\">\n\t\t\t\t\t\t<div class=\"elementor-container elementor-column-gap-default\">\n\t\t\t\t\t<div class=\"elementor-column elementor-col-100 elementor-top-column elementor-element elementor-element-7647fe83\" data-id=\"7647fe83\" data-element_type=\"column\" data-e-type=\"column\">\n\t\t\t<div class=\"elementor-widget-wrap elementor-element-populated\">\n\t\t\t\t\t\t<div class=\"elementor-element elementor-element-12d55d9d elementor-widget elementor-widget-text-editor\" data-id=\"12d55d9d\" data-element_type=\"widget\" data-e-type=\"widget\" data-widget_type=\"text-editor.default\">\n\t\t\t\t<div class=\"elementor-widget-container\">\n\t\t\t\t\t\t\t\t\t<p>Le budget annuel du Centre animation Villa Ritter avoisine les CHF 400\u2019000.-. Il est financ\u00e9 par le canton de Berne (via la ville de Bienne), les paroisses r\u00e9form\u00e9e et catholique ainsi que par des rentr\u00e9es propres (dons, cotisations, locations, etc.).<\/p>\n<p><\/p>\n<p>Vous pouvez bien entendu soutenir la Villa Ritter, soit en devenant membre de&nbsp;<a title=\"Lassociation.html\" href=\"https:\/\/www.villa-ritter.ch\/villa-ritter.ch\/Lassociation.html\">l\u2019association<\/a>, soit en faisant un don :<br>CCP 25-11190-3.<\/p>\n<p><\/p>\n<p>Merci pour votre g\u00e9n\u00e9rosit\u00e9 !<\/p>\t\t\t\t\t\t\t\t<\/div>\n\t\t\t\t<\/div>\n\t\t\t\t\t<\/div>\n\t\t<\/div>\n\t\t\t\t\t<\/div>\n\t\t<\/section>\n\t\t\t\t<\/div>\n\t\t","protected":false},"excerpt":{"rendered":"<p>Le budget annuel du Centre animation Villa Ritter avoisine les CHF 400\u2019000.-. Il est financ\u00e9 par le canton de Berne (via la ville de Bienne), les paroisses r\u00e9form\u00e9e et catholique ainsi que par des rentr\u00e9es propres (dons, cotisations, locations, etc.). Vous pouvez bien entendu soutenir la Villa Ritter, soit en devenant membre de&nbsp;l\u2019association, soit en [&hellip;]<\/p>\n","protected":false},"author":1,"featured_media":0,"parent":25,"menu_order":5,"comment_status":"closed","ping_status":"closed","template":"","meta":{"site-sidebar-layout":"default","site-content-layout":"","ast-site-content-layout":"default","site-content-style":"default","site-sidebar-style":"default","ast-global-header-display":"","ast-banner-title-visibility":"","ast-main-header-display":"","ast-hfb-above-header-display":"","ast-hfb-below-header-display":"","ast-hfb-mobile-header-display":"","site-post-title":"","ast-breadcrumbs-content":"","ast-featured-img":"","footer-sml-layout":"","ast-disable-related-posts":"","theme-transparent-header-meta":"","adv-header-id-meta":"","stick-header-meta":"","header-above-stick-meta":"","header-main-stick-meta":"","header-below-stick-meta":"","astra-migrate-meta-layouts":"default","ast-page-background-enabled":"default","ast-page-background-meta":{"desktop":{"background-color":"","background-image":"","background-repeat":"repeat","background-position":"center center","background-size":"auto","background-attachment":"scroll","background-type":"","background-media":"","overlay-type":"","overlay-color":"","overlay-opacity":"","overlay-gradient":""},"tablet":{"background-color":"","background-image":"","background-repeat":"repeat","background-position":"center center","background-size":"auto","background-attachment":"scroll","background-type":"","background-media":"","overlay-type":"","overlay-color":"","overlay-opacity":"","overlay-gradient":""},"mobile":{"background-color":"","background-image":"","background-repeat":"repeat","background-position":"center center","background-size":"auto","background-attachment":"scroll","background-type":"","background-media":"","overlay-type":"","overlay-color":"","overlay-opacity":"","overlay-gradient":""}},"ast-content-background-meta":{"desktop":{"background-color":"var(--ast-global-color-5)","background-image":"","background-repeat":"repeat","background-position":"center center","background-size":"auto","background-attachment":"scroll","background-type":"","background-media":"","overlay-type":"","overlay-color":"","overlay-opacity":"","overlay-gradient":""},"tablet":{"background-color":"var(--ast-global-color-5)","background-image":"","background-repeat":"repeat","background-position":"center center","background-size":"auto","background-attachment":"scroll","background-type":"","background-media":"","overlay-type":"","overlay-color":"","overlay-opacity":"","overlay-gradient":""},"mobile":{"background-color":"var(--ast-global-color-5)","background-image":"","background-repeat":"repeat","background-position":"center center","background-size":"auto","background-attachment":"scroll","background-type":"","background-media":"","overlay-type":"","overlay-color":"","overlay-opacity":"","overlay-gradient":""}},"ngg_post_thumbnail":0,"footnotes":""},"class_list":["post-35","page","type-page","status-publish","hentry"],"_links":{"self":[{"href":"https:\/\/www.villa-ritter.ch\/index.php?rest_route=\/wp\/v2\/pages\/35","targetHints":{"allow":["GET"]}}],"collection":[{"href":"https:\/\/www.villa-ritter.ch\/index.php?rest_route=\/wp\/v2\/pages"}],"about":[{"href":"https:\/\/www.villa-ritter.ch\/index.php?rest_route=\/wp\/v2\/types\/page"}],"author":[{"embeddable":true,"href":"https:\/\/www.villa-ritter.ch\/index.php?rest_route=\/wp\/v2\/users\/1"}],"replies":[{"embeddable":true,"href":"https:\/\/www.villa-ritter.ch\/index.php?rest_route=%2Fwp%2Fv2%2Fcomments&post=35"}],"version-history":[{"count":13,"href":"https:\/\/www.villa-ritter.ch\/index.php?rest_route=\/wp\/v2\/pages\/35\/revisions"}],"predecessor-version":[{"id":3390,"href":"https:\/\/www.villa-ritter.ch\/index.php?rest_route=\/wp\/v2\/pages\/35\/revisions\/3390"}],"up":[{"embeddable":true,"href":"https:\/\/www.villa-ritter.ch\/index.php?rest_route=\/wp\/v2\/pages\/25"}],"wp:attachment":[{"href":"https:\/\/www.villa-ritter.ch\/index.php?rest_route=%2Fwp%2Fv2%2Fmedia&parent=35"}],"curies":[{"name":"wp","href":"https:\/\/api.w.org\/{rel}","templated":true}]}}

<div data-elementor-type="wp-page" data-elementor-id="35" class="elementor elementor-35">
						<section class="elementor-section elementor-top-section elementor-element elementor-element-3cee2aa4 elementor-section-boxed elementor-section-height-default elementor-section-height-default" data-id="3cee2aa4" data-element_type="section" data-e-type="section">
						<div class="elementor-container elementor-column-gap-default">
					<div class="elementor-column elementor-col-100 elementor-top-column elementor-element elementor-element-7647fe83" data-id="7647fe83" data-element_type="column" data-e-type="column">
			<div class="elementor-widget-wrap elementor-element-populated">
						<div class="elementor-element elementor-element-12d55d9d elementor-widget elementor-widget-text-editor" data-id="12d55d9d" data-element_type="widget" data-e-type="widget" data-widget_type="text-editor.default">
				<div class="elementor-widget-container">
									<p>Le budget annuel du Centre animation Villa Ritter avoisine les CHF 400’000.-. Il est financé par le canton de Berne (via la ville de Bienne), les paroisses réformée et catholique ainsi que par des rentrées propres (dons, cotisations, locations, etc.).</p>
<p></p>
<p>Vous pouvez bien entendu soutenir la Villa Ritter, soit en devenant membre de&nbsp;<a title="Lassociation.html" href="https://www.villa-ritter.ch/villa-ritter.ch/Lassociation.html">l’association</a>, soit en faisant un don :<br>CCP 25-11190-3.</p>
<p></p>
<p>Merci pour votre générosité !</p>								</div>
				</div>
					</div>
		</div>
					</div>
		</section>
				</div>

<p>Le budget annuel du Centre animation Villa Ritter avoisine les CHF 400’000.-. Il est financé par le canton de Berne (via la ville de Bienne), les paroisses réformée et catholique ainsi que par des rentrées propres (dons, cotisations, locations, etc.). Vous pouvez bien entendu soutenir la Villa Ritter, soit en devenant membre de&nbsp;l’association, soit en [&hellip;]</p>
